Last updated on 2025-10-23 11:50:25 CEST.
Flavor | Version | Tinstall | Tcheck | Ttotal | Status | Flags |
---|---|---|---|---|---|---|
r-devel-linux-x86_64-debian-clang | 2.1.1 | 3.77 | 53.58 | 57.35 | NOTE | |
r-devel-linux-x86_64-debian-gcc | 2.1.1 | 2.64 | 39.79 | 42.43 | OK | |
r-devel-linux-x86_64-fedora-clang | 2.1.1 | 19.00 | 73.88 | 92.88 | OK | |
r-devel-linux-x86_64-fedora-gcc | 2.1.1 | 99.24 | OK | |||
r-devel-windows-x86_64 | 2.1.1 | 6.00 | 72.00 | 78.00 | OK | |
r-patched-linux-x86_64 | 2.1.1 | 4.40 | 50.44 | 54.84 | OK | |
r-release-linux-x86_64 | 2.1.1 | 3.66 | 49.85 | 53.51 | OK | |
r-release-macos-arm64 | 2.1.1 | 3.00 | 51.00 | 54.00 | OK | |
r-release-macos-x86_64 | 2.1.1 | 4.00 | 84.00 | 88.00 | OK | |
r-release-windows-x86_64 | 2.1.1 | 7.00 | 75.00 | 82.00 | OK | |
r-oldrel-macos-arm64 | 2.1.1 | 2.00 | 38.00 | 40.00 | OK | |
r-oldrel-macos-x86_64 | 2.1.1 | 4.00 | 72.00 | 76.00 | OK | |
r-oldrel-windows-x86_64 | 2.1.1 | 8.00 | 86.00 | 94.00 | OK |
Version: 2.1.1
Check: HTML version of manual
Result: NOTE
Found the following HTML validation problems:
reprex_addin.html:98:1 (reprex_addin.Rd:38): Warning: missing </ul> before </div>
reprex_venue.html:53:1 (reprex_venue.Rd:20): Warning: missing </ul> before </div>
Flavor: r-devel-linux-x86_64-debian-clang
These binaries (installable software) and packages are in development.
They may not be fully stable and should be used with caution. We make no claims about them.