Last updated on 2025-05-01 12:49:38 CEST.
Flavor | Version | Tinstall | Tcheck | Ttotal | Status | Flags |
---|---|---|---|---|---|---|
r-devel-linux-x86_64-debian-clang | 2.1.2 | 17.64 | 242.95 | 260.59 | NOTE | |
r-devel-linux-x86_64-debian-gcc | 2.1.2 | 10.29 | 164.71 | 175.00 | OK | |
r-devel-linux-x86_64-fedora-clang | 2.1.2 | 406.72 | OK | |||
r-devel-linux-x86_64-fedora-gcc | 2.1.2 | 383.74 | OK | |||
r-devel-windows-x86_64 | 2.1.2 | 19.00 | 257.00 | 276.00 | OK | |
r-patched-linux-x86_64 | 2.1.2 | 18.13 | 228.75 | 246.88 | OK | |
r-release-linux-x86_64 | OK | |||||
r-release-macos-arm64 | 2.1.2 | 115.00 | OK | |||
r-release-macos-x86_64 | 2.1.2 | 226.00 | OK | |||
r-release-windows-x86_64 | 2.1.2 | 21.00 | 258.00 | 279.00 | OK | |
r-oldrel-macos-arm64 | 2.1.2 | 96.00 | OK | |||
r-oldrel-macos-x86_64 | 2.1.2 | 236.00 | OK | |||
r-oldrel-windows-x86_64 | 2.1.2 | 19.00 | 349.00 | 368.00 | OK |
Version: 2.1.2
Check: examples
Result: NOTE
Examples with CPU (user + system) or elapsed time > 5s
user system elapsed
assessDataType 7.810 0.161 9.857
Cache 2.319 0.176 9.638
viewCache 0.930 0.065 6.113
Flavor: r-devel-linux-x86_64-debian-clang
Version: 2.1.2
Check: examples
Result: NA
user system elapsed
assessDataType 4.419 0.128 5.17
OK
Flavor: r-devel-linux-x86_64-debian-gcc
These binaries (installable software) and packages are in development.
They may not be fully stable and should be used with caution. We make no claims about them.