Last updated on 2025-02-16 08:50:58 CET.
Flavor | Version | Tinstall | Tcheck | Ttotal | Status | Flags |
---|---|---|---|---|---|---|
r-devel-linux-x86_64-debian-clang | 1.0.1 | 3.00 | 32.61 | 35.61 | NOTE | |
r-devel-linux-x86_64-debian-gcc | 1.0.1 | 2.25 | 24.22 | 26.47 | NOTE | |
r-devel-linux-x86_64-fedora-clang | 1.0.1 | 57.81 | NOTE | |||
r-devel-linux-x86_64-fedora-gcc | 1.0.1 | 54.51 | NOTE | |||
r-devel-macos-arm64 | 1.0.1 | 21.00 | OK | |||
r-devel-macos-x86_64 | 1.0.1 | 43.00 | NOTE | |||
r-devel-windows-x86_64 | 1.0.1 | 4.00 | 54.00 | 58.00 | NOTE | |
r-patched-linux-x86_64 | 1.0.1 | 2.56 | 31.10 | 33.66 | OK | |
r-release-linux-x86_64 | 1.0.1 | 2.45 | 31.01 | 33.46 | OK | |
r-release-macos-arm64 | 1.0.1 | 20.00 | OK | |||
r-release-macos-x86_64 | 1.0.1 | 30.00 | OK | |||
r-release-windows-x86_64 | 1.0.1 | 5.00 | 57.00 | 62.00 | OK | |
r-oldrel-macos-arm64 | 1.0.1 | 24.00 | OK | |||
r-oldrel-macos-x86_64 | 1.0.1 | 36.00 | OK | |||
r-oldrel-windows-x86_64 | 1.0.1 | 5.00 | 57.00 | 62.00 | OK |
Version: 1.0.1
Check: DESCRIPTION meta-information
Result: NOTE
Missing dependency on R >= 4.1.0 because package code uses the pipe
|> or function shorthand \(...) syntax added in R 4.1.0.
File(s) using such syntax:
‘estimate_impact.R’ ‘plot_repsd.R’ ‘repsd_pval.R’
Flavors: r-devel-linux-x86_64-debian-clang, r-devel-linux-x86_64-debian-gcc, r-devel-linux-x86_64-fedora-clang, r-devel-linux-x86_64-fedora-gcc, r-devel-macos-x86_64, r-devel-windows-x86_64
These binaries (installable software) and packages are in development.
They may not be fully stable and should be used with caution. We make no claims about them.