CRAN Package Check Results for Package repsim

Last updated on 2025-11-11 15:50:45 CET.

Flavor Version Tinstall Tcheck Ttotal Status Flags
r-devel-linux-x86_64-debian-clang 0.1.0 38.98 26.27 65.25 OK
r-devel-linux-x86_64-debian-gcc 0.1.0 30.90 23.45 54.35 OK
r-devel-linux-x86_64-fedora-clang 0.1.0 155.00 -43.53 111.47 OK
r-devel-linux-x86_64-fedora-gcc 0.1.0 102.00 19.43 121.43 OK
r-release-linux-x86_64 0.1.0 44.76 29.07 73.83 OK
r-release-macos-arm64 0.1.0 18.00 17.00 35.00 OK
r-release-macos-x86_64 0.1.0 75.00 53.00 128.00 OK
r-release-windows-x86_64 0.1.0 39.00 65.00 104.00 OK
r-oldrel-macos-arm64 0.1.0 17.00 22.00 39.00 NOTE
r-oldrel-macos-x86_64 0.1.0 61.00 51.00 112.00 NOTE
r-oldrel-windows-x86_64 0.1.0 49.00 79.00 128.00 OK

Check Details

Version: 0.1.0
Check: installed package size
Result: NOTE installed size is 17.7Mb sub-directories of 1Mb or more: libs 17.6Mb Flavors: r-oldrel-macos-arm64, r-oldrel-macos-x86_64

These binaries (installable software) and packages are in development.
They may not be fully stable and should be used with caution. We make no claims about them.