CRAN Package Check Results for Package request

Last updated on 2025-05-08 04:52:16 CEST.

Flavor Version Tinstall Tcheck Ttotal Status Flags
r-devel-linux-x86_64-debian-clang 0.1.0 3.18 23.65 26.83 NOTE
r-devel-linux-x86_64-debian-gcc 0.1.0 2.28 18.93 21.21 NOTE
r-devel-linux-x86_64-fedora-clang 0.1.0 41.01 OK
r-devel-linux-x86_64-fedora-gcc 0.1.0 37.48 OK
r-devel-windows-x86_64 0.1.0 5.00 44.00 49.00 OK
r-patched-linux-x86_64 0.1.0 3.36 21.39 24.75 OK
r-release-linux-x86_64 0.1.0 2.90 21.65 24.55 OK
r-release-macos-arm64 0.1.0 20.00 OK
r-release-macos-x86_64 0.1.0 29.00 OK
r-release-windows-x86_64 0.1.0 5.00 48.00 53.00 OK
r-oldrel-macos-arm64 0.1.0 17.00 OK
r-oldrel-macos-x86_64 0.1.0 24.00 OK
r-oldrel-windows-x86_64 0.1.0 5.00 49.00 54.00 OK

Check Details

Version: 0.1.0
Check: CRAN incoming feasibility
Result: NOTE Maintainer: ‘Scott Chamberlain <myrmecocystus@gmail.com>’ Found the following (possibly) invalid file URI: URI: CONDUCT.md From: README.md Flavors: r-devel-linux-x86_64-debian-clang, r-devel-linux-x86_64-debian-gcc

These binaries (installable software) and packages are in development.
They may not be fully stable and should be used with caution. We make no claims about them.