CRAN Package Check Results for Package requireR

Last updated on 2025-02-02 14:48:33 CET.

Flavor Version Tinstall Tcheck Ttotal Status Flags
r-devel-linux-x86_64-debian-clang 1.0.0.1 1.64 19.32 20.96 OK
r-devel-linux-x86_64-debian-gcc 1.0.0.1 1.37 16.80 18.17 OK
r-devel-linux-x86_64-fedora-clang 1.0.0.1 35.57 OK
r-devel-linux-x86_64-fedora-gcc 1.0.0.1 48.63 OK
r-devel-windows-x86_64 1.0.0.1 2.00 43.00 45.00 OK
r-patched-linux-x86_64 1.0.0.1 1.53 18.56 20.09 NOTE
r-release-linux-x86_64 1.0.0.1 1.40 18.89 20.29 NOTE
r-release-macos-arm64 1.0.0.1 19.00 NOTE
r-release-macos-x86_64 1.0.0.1 30.00 NOTE
r-release-windows-x86_64 1.0.0.1 3.00 44.00 47.00 NOTE
r-oldrel-macos-arm64 1.0.0.1 18.00 NOTE
r-oldrel-macos-x86_64 1.0.0.1 26.00 NOTE
r-oldrel-windows-x86_64 1.0.0.1 4.00 40.00 44.00 NOTE

Check Details

Version: 1.0.0.1
Check: LazyData
Result: NOTE 'LazyData' is specified without a 'data' directory Flavors: r-patched-linux-x86_64, r-release-linux-x86_64, r-release-macos-arm64, r-release-macos-x86_64, r-release-windows-x86_64, r-oldrel-macos-arm64, r-oldrel-macos-x86_64, r-oldrel-windows-x86_64

These binaries (installable software) and packages are in development.
They may not be fully stable and should be used with caution. We make no claims about them.