Last updated on 2025-10-23 11:50:25 CEST.
Flavor | Version | Tinstall | Tcheck | Ttotal | Status | Flags |
---|---|---|---|---|---|---|
r-devel-linux-x86_64-debian-clang | 1.2.1 | 5.98 | 60.54 | 66.52 | NOTE | |
r-devel-linux-x86_64-debian-gcc | 1.2.1 | 4.18 | 44.05 | 48.23 | OK | |
r-devel-linux-x86_64-fedora-clang | 1.2.1 | 15.00 | 89.86 | 104.86 | OK | |
r-devel-linux-x86_64-fedora-gcc | 1.2.1 | 15.00 | 97.65 | 112.65 | OK | |
r-devel-windows-x86_64 | 1.2.1 | 8.00 | 87.00 | 95.00 | OK | |
r-patched-linux-x86_64 | 1.2.1 | 5.94 | 57.52 | 63.46 | OK | |
r-release-linux-x86_64 | 1.2.1 | 6.04 | 56.88 | 62.92 | OK | |
r-release-macos-arm64 | 1.2.1 | 2.00 | 43.00 | 45.00 | OK | |
r-release-macos-x86_64 | 1.2.1 | 5.00 | 70.00 | 75.00 | OK | |
r-release-windows-x86_64 | 1.2.1 | 9.00 | 90.00 | 99.00 | OK | |
r-oldrel-macos-arm64 | 1.2.1 | 3.00 | 43.00 | 46.00 | OK | |
r-oldrel-macos-x86_64 | 1.2.1 | 5.00 | 69.00 | 74.00 | OK | |
r-oldrel-windows-x86_64 | 1.2.1 | 12.00 | 99.00 | 111.00 | OK |
Version: 1.2.1
Check: HTML version of manual
Result: NOTE
Found the following HTML validation problems:
disk.html:54:1 (disk.Rd:17): Warning: missing </ul> before </div>
Flavor: r-devel-linux-x86_64-debian-clang
These binaries (installable software) and packages are in development.
They may not be fully stable and should be used with caution. We make no claims about them.