Last updated on 2025-10-09 17:50:49 CEST.
Flavor | Version | Tinstall | Tcheck | Ttotal | Status | Flags |
---|---|---|---|---|---|---|
r-devel-linux-x86_64-debian-clang | 1.0 | 1.69 | 20.83 | 22.52 | NOTE | |
r-devel-linux-x86_64-debian-gcc | 1.0 | 1.26 | 15.66 | 16.92 | NOTE | |
r-devel-linux-x86_64-fedora-clang | 1.0 | 31.19 | NOTE | |||
r-devel-linux-x86_64-fedora-gcc | 1.0 | 30.47 | NOTE | |||
r-devel-windows-x86_64 | 1.0 | 3.00 | 43.00 | 46.00 | NOTE | |
r-patched-linux-x86_64 | 1.0 | 2.56 | 18.85 | 21.41 | NOTE | |
r-release-linux-x86_64 | 1.0 | 1.62 | 18.83 | 20.45 | NOTE | |
r-release-macos-arm64 | 1.0 | 14.00 | NOTE | |||
r-release-macos-x86_64 | 1.0 | 24.00 | NOTE | |||
r-release-windows-x86_64 | 1.0 | 3.00 | 47.00 | 50.00 | NOTE | |
r-oldrel-macos-arm64 | 1.0 | 13.00 | NOTE | |||
r-oldrel-macos-x86_64 | 1.0 | 19.00 | NOTE | |||
r-oldrel-windows-x86_64 | 1.0 | 4.00 | 42.00 | 46.00 | NOTE |
Version: 1.0
Check: Rd files
Result: NOTE
checkRd: (-1) NCBirths2004.Rd:16: Lost braces
16 | \item{\code{Smoker}}{Mother a smoker? code{No}, \code{Yes}}
| ^
Flavors: r-devel-linux-x86_64-debian-clang, r-devel-linux-x86_64-debian-gcc, r-devel-linux-x86_64-fedora-clang, r-devel-linux-x86_64-fedora-gcc, r-devel-windows-x86_64, r-patched-linux-x86_64, r-release-linux-x86_64, r-release-macos-arm64, r-release-macos-x86_64, r-release-windows-x86_64, r-oldrel-macos-arm64, r-oldrel-macos-x86_64, r-oldrel-windows-x86_64
These binaries (installable software) and packages are in development.
They may not be fully stable and should be used with caution. We make no claims about them.