Last updated on 2025-02-16 08:50:58 CET.
Flavor | Version | Tinstall | Tcheck | Ttotal | Status | Flags |
---|---|---|---|---|---|---|
r-devel-linux-x86_64-debian-clang | 2.2.3 | 68.69 | 249.66 | 318.35 | NOTE | |
r-devel-linux-x86_64-debian-gcc | 2.2.3 | 45.45 | 185.28 | 230.73 | NOTE | |
r-devel-linux-x86_64-fedora-clang | 2.2.3 | 497.25 | OK | |||
r-devel-linux-x86_64-fedora-gcc | 2.2.3 | 568.87 | OK | |||
r-devel-macos-arm64 | 2.2.3 | 195.00 | OK | |||
r-devel-macos-x86_64 | 2.2.3 | 433.00 | OK | |||
r-devel-windows-x86_64 | 2.2.3 | 58.00 | 320.00 | 378.00 | NOTE | |
r-patched-linux-x86_64 | 2.2.3 | 66.43 | 267.59 | 334.02 | OK | |
r-release-linux-x86_64 | 2.2.3 | 65.84 | 268.48 | 334.32 | OK | |
r-release-macos-arm64 | 2.2.3 | 179.00 | NOTE | |||
r-release-macos-x86_64 | 2.2.3 | 304.00 | NOTE | |||
r-release-windows-x86_64 | 2.2.3 | 59.00 | 328.00 | 387.00 | OK | |
r-oldrel-macos-arm64 | 2.2.3 | 186.00 | NOTE | |||
r-oldrel-macos-x86_64 | 2.2.3 | 497.00 | NOTE | |||
r-oldrel-windows-x86_64 | 2.2.3 | 76.00 | 383.00 | 459.00 | OK |
Version: 2.2.3
Check: Rd cross-references
Result: NOTE
Found the following Rd file(s) with Rd \link{} targets missing package
anchors:
mbl_control.Rd: foreach
Please provide package anchors for all Rd \link{} targets not in the
package itself and the base packages.
Flavors: r-devel-linux-x86_64-debian-clang, r-devel-linux-x86_64-debian-gcc, r-devel-windows-x86_64
Version: 2.2.3
Check: installed package size
Result: NOTE
installed size is 9.3Mb
sub-directories of 1Mb or more:
doc 1.9Mb
libs 6.8Mb
Flavors: r-release-macos-arm64, r-release-macos-x86_64, r-oldrel-macos-arm64, r-oldrel-macos-x86_64
These binaries (installable software) and packages are in development.
They may not be fully stable and should be used with caution. We make no claims about them.