CRAN Package Check Results for Package reservr

Last updated on 2025-07-26 07:50:32 CEST.

Flavor Version Tinstall Tcheck Ttotal Status Flags
r-devel-linux-x86_64-debian-clang 0.0.3 130.62 188.28 318.90 OK
r-devel-linux-x86_64-debian-gcc 0.0.3 87.98 153.42 241.40 OK
r-devel-linux-x86_64-fedora-clang 0.0.3 1094.10 OK
r-devel-linux-x86_64-fedora-gcc 0.0.3 1040.58 OK
r-devel-windows-x86_64 0.0.3 134.00 530.00 664.00 OK
r-patched-linux-x86_64 0.0.3 130.00 178.66 308.66 OK
r-release-linux-x86_64 0.0.3 130.06 180.20 310.26 OK
r-release-macos-arm64 0.0.3 167.00 OK
r-release-macos-x86_64 0.0.3 562.00 OK
r-release-windows-x86_64 0.0.3 137.00 538.00 675.00 OK
r-oldrel-macos-arm64 0.0.3 79.00 NOTE
r-oldrel-macos-x86_64 0.0.3 242.00 NOTE
r-oldrel-windows-x86_64 0.0.3 166.00 310.00 476.00 NOTE

Check Details

Version: 0.0.3
Check: installed package size
Result: NOTE installed size is 17.3Mb sub-directories of 1Mb or more: R 2.1Mb doc 1.2Mb libs 13.8Mb Flavors: r-oldrel-macos-arm64, r-oldrel-macos-x86_64

Version: 0.0.3
Check: for GNU extensions in Makefiles
Result: NOTE GNU make is a SystemRequirements. Flavors: r-oldrel-macos-arm64, r-oldrel-macos-x86_64, r-oldrel-windows-x86_64

These binaries (installable software) and packages are in development.
They may not be fully stable and should be used with caution. We make no claims about them.