Last updated on 2025-02-16 08:50:58 CET.
Flavor | Version | Tinstall | Tcheck | Ttotal | Status | Flags |
---|---|---|---|---|---|---|
r-devel-linux-x86_64-debian-clang | 1.4.4 | 12.33 | 34.00 | 46.33 | NOTE | |
r-devel-linux-x86_64-debian-gcc | 1.4.4 | 8.92 | 25.35 | 34.27 | NOTE | |
r-devel-linux-x86_64-fedora-clang | 1.4.4 | 79.39 | NOTE | |||
r-devel-linux-x86_64-fedora-gcc | 1.4.4 | 78.64 | NOTE | |||
r-devel-macos-arm64 | 1.4.4 | 28.00 | NOTE | |||
r-devel-macos-x86_64 | 1.4.4 | 48.00 | NOTE | |||
r-devel-windows-x86_64 | 1.4.4 | 17.00 | 70.00 | 87.00 | NOTE | |
r-patched-linux-x86_64 | 1.4.4 | 13.54 | 31.79 | 45.33 | NOTE | |
r-release-linux-x86_64 | 1.4.4 | 13.05 | 32.38 | 45.43 | NOTE | |
r-release-macos-arm64 | 1.4.4 | 26.00 | NOTE | |||
r-release-macos-x86_64 | 1.4.4 | 38.00 | NOTE | |||
r-release-windows-x86_64 | 1.4.4 | 17.00 | 76.00 | 93.00 | NOTE | |
r-oldrel-macos-arm64 | 1.4.4 | 27.00 | NOTE | |||
r-oldrel-macos-x86_64 | 1.4.4 | 46.00 | NOTE | |||
r-oldrel-windows-x86_64 | 1.4.4 | 20.00 | 79.00 | 99.00 | NOTE |
Version: 1.4.4
Check: Rd files
Result: NOTE
checkRd: (-1) cast.Rd:45: Escaped LaTeX specials: \_
checkRd: (-1) cast.Rd:46: Escaped LaTeX specials: \_
Flavors: r-devel-linux-x86_64-debian-clang, r-devel-linux-x86_64-debian-gcc, r-devel-linux-x86_64-fedora-clang, r-devel-linux-x86_64-fedora-gcc, r-devel-macos-arm64, r-devel-macos-x86_64, r-devel-windows-x86_64, r-patched-linux-x86_64, r-release-linux-x86_64, r-release-macos-arm64, r-release-macos-x86_64, r-release-windows-x86_64, r-oldrel-macos-arm64, r-oldrel-macos-x86_64, r-oldrel-windows-x86_64
Version: 1.4.4
Check: compiled code
Result: NOTE
File ‘reshape2/libs/reshape2.so’:
Found non-API call to R: ‘STRING_PTR’
Compiled code should not call non-API entry points in R.
See ‘Writing portable packages’ in the ‘Writing R Extensions’ manual,
and section ‘Moving into C API compliance’ for issues with the use of
non-API entry points.
Flavors: r-devel-linux-x86_64-debian-clang, r-devel-linux-x86_64-debian-gcc, r-devel-linux-x86_64-fedora-clang, r-devel-linux-x86_64-fedora-gcc, r-devel-macos-arm64, r-devel-macos-x86_64
Version: 1.4.4
Check: compiled code
Result: NOTE
File 'reshape2/libs/x64/reshape2.dll':
Found non-API call to R: 'STRING_PTR'
Compiled code should not call non-API entry points in R.
See 'Writing portable packages' in the 'Writing R Extensions' manual,
and section 'Moving into C API compliance' for issues with the use of
non-API entry points.
Flavor: r-devel-windows-x86_64
These binaries (installable software) and packages are in development.
They may not be fully stable and should be used with caution. We make no claims about them.