Last updated on 2025-05-03 22:50:06 CEST.
Flavor | Version | Tinstall | Tcheck | Ttotal | Status | Flags |
---|---|---|---|---|---|---|
r-devel-linux-x86_64-debian-clang | 0.1.1 | 6.36 | 446.35 | 452.71 | NOTE | |
r-devel-linux-x86_64-debian-gcc | 0.1.1 | 4.96 | 299.86 | 304.82 | NOTE | |
r-devel-linux-x86_64-fedora-clang | 0.1.1 | 758.25 | OK | |||
r-devel-linux-x86_64-fedora-gcc | 0.1.1 | 701.80 | OK | |||
r-devel-windows-x86_64 | 0.1.1 | 9.00 | 475.00 | 484.00 | OK | |
r-patched-linux-x86_64 | 0.1.1 | 6.11 | 435.14 | 441.25 | OK | |
r-release-linux-x86_64 | OK | |||||
r-release-macos-arm64 | 0.1.1 | 257.00 | OK | |||
r-release-macos-x86_64 | 0.1.1 | 883.00 | OK | |||
r-release-windows-x86_64 | 0.1.1 | 9.00 | 470.00 | 479.00 | OK | |
r-oldrel-macos-arm64 | 0.1.1 | 246.00 | OK | |||
r-oldrel-macos-x86_64 | 0.1.1 | 410.00 | OK | |||
r-oldrel-windows-x86_64 | 0.1.1 | 12.00 | 621.00 | 633.00 | OK |
Version: 0.1.1
Check: CRAN incoming feasibility
Result: NOTE
Maintainer: ‘Maeve Upton <uptonmaeve010@gmail.com>’
The Description field contains
et al 2023) <arXiv:2301.09556>, spatio-temporal splines (Upton et al
2023) <arXiv:2301.09556> and generalised additive models (Upton et al
2023) <arXiv:2301.09556>. This package facilitates data loading, model
Please refer to arXiv e-prints via their arXiv DOI <doi:10.48550/arXiv.YYMM.NNNNN>.
Flavors: r-devel-linux-x86_64-debian-clang, r-devel-linux-x86_64-debian-gcc
These binaries (installable software) and packages are in development.
They may not be fully stable and should be used with caution. We make no claims about them.