CRAN Package Check Results for Package resourcecode

Last updated on 2025-02-23 01:51:52 CET.

Flavor Version Tinstall Tcheck Ttotal Status Flags
r-devel-linux-x86_64-debian-clang 0.2.1 22.54 57.39 79.93 NOTE
r-devel-linux-x86_64-debian-gcc 0.2.1 13.98 43.00 56.98 NOTE
r-devel-linux-x86_64-fedora-clang 0.2.1 144.19 NOTE
r-devel-linux-x86_64-fedora-gcc 0.2.1 144.98 NOTE
r-devel-macos-arm64 0.2.1 46.00 OK
r-devel-macos-x86_64 0.2.1 82.00 NOTE
r-devel-windows-x86_64 0.2.1 26.00 95.00 121.00 NOTE
r-patched-linux-x86_64 0.2.1 21.17 55.01 76.18 NOTE
r-release-linux-x86_64 0.2.1 21.92 54.55 76.47 NOTE
r-release-macos-arm64 0.2.1 48.00 NOTE
r-release-macos-x86_64 0.2.1 83.00 NOTE
r-release-windows-x86_64 0.2.1 30.00 89.00 119.00 NOTE
r-oldrel-macos-arm64 0.2.1 49.00 NOTE
r-oldrel-macos-x86_64 0.2.1 80.00 NOTE
r-oldrel-windows-x86_64 0.2.1 32.00 101.00 133.00 NOTE

Check Details

Version: 0.2.1
Check: DESCRIPTION meta-information
Result: NOTE Missing dependency on R >= 4.1.0 because package code uses the pipe |> or function shorthand \(...) syntax added in R 4.1.0. File(s) using such syntax: ‘specta_data_processing.R’ Flavors: r-devel-linux-x86_64-debian-clang, r-devel-linux-x86_64-debian-gcc, r-devel-linux-x86_64-fedora-clang, r-devel-linux-x86_64-fedora-gcc, r-devel-macos-x86_64, r-devel-windows-x86_64

Version: 0.2.1
Check: package dependencies
Result: NOTE Package suggested but not available for checking: ‘resourcecodedata’ Flavors: r-patched-linux-x86_64, r-release-linux-x86_64, r-release-macos-arm64, r-release-macos-x86_64, r-release-windows-x86_64, r-oldrel-macos-arm64, r-oldrel-macos-x86_64, r-oldrel-windows-x86_64

These binaries (installable software) and packages are in development.
They may not be fully stable and should be used with caution. We make no claims about them.