Last updated on 2025-07-19 15:51:22 CEST.
Flavor | Version | Tinstall | Tcheck | Ttotal | Status | Flags |
---|---|---|---|---|---|---|
r-devel-linux-x86_64-debian-clang | 1.4.0 | 22.25 | 39.42 | 61.67 | NOTE | |
r-devel-linux-x86_64-debian-gcc | 1.4.0 | 13.75 | 31.17 | 44.92 | NOTE | |
r-devel-linux-x86_64-fedora-clang | 1.4.0 | 96.34 | OK | |||
r-devel-linux-x86_64-fedora-gcc | 1.4.0 | 101.93 | OK | |||
r-devel-windows-x86_64 | 1.4.0 | 21.00 | 78.00 | 99.00 | OK | |
r-patched-linux-x86_64 | 1.4.0 | 21.70 | 36.66 | 58.36 | OK | |
r-release-linux-x86_64 | 1.4.0 | 18.63 | 36.00 | 54.63 | OK | |
r-release-macos-arm64 | 1.4.0 | 45.00 | OK | |||
r-release-macos-x86_64 | 1.4.0 | 69.00 | OK | |||
r-release-windows-x86_64 | 1.4.0 | 21.00 | 75.00 | 96.00 | OK | |
r-oldrel-macos-arm64 | 1.4.0 | 39.00 | OK | |||
r-oldrel-macos-x86_64 | 1.4.0 | 59.00 | OK | |||
r-oldrel-windows-x86_64 | 1.4.0 | 30.00 | 87.00 | 117.00 | OK |
Version: 1.4.0
Check: CRAN incoming feasibility
Result: NOTE
Maintainer: ‘Yannick Marcon <yannick.marcon@obiba.org>’
The BugReports field in DESCRIPTION has
https://github.com/obiba/resourcer
which should likely be
https://github.com/obiba/resourcer/issues
instead.
Flavors: r-devel-linux-x86_64-debian-clang, r-devel-linux-x86_64-debian-gcc
These binaries (installable software) and packages are in development.
They may not be fully stable and should be used with caution. We make no claims about them.