Last updated on 2025-05-01 12:49:38 CEST.
Flavor | Version | Tinstall | Tcheck | Ttotal | Status | Flags |
---|---|---|---|---|---|---|
r-devel-linux-x86_64-debian-clang | 1.4.0 | 16.20 | 39.48 | 55.68 | NOTE | |
r-devel-linux-x86_64-debian-gcc | 1.4.0 | 13.49 | 30.39 | 43.88 | NOTE | |
r-devel-linux-x86_64-fedora-clang | 1.4.0 | 100.21 | OK | |||
r-devel-linux-x86_64-fedora-gcc | 1.4.0 | 101.17 | OK | |||
r-devel-windows-x86_64 | 1.4.0 | 23.00 | 82.00 | 105.00 | OK | |
r-patched-linux-x86_64 | 1.4.0 | 22.15 | 36.61 | 58.76 | OK | |
r-release-linux-x86_64 | OK | |||||
r-release-macos-arm64 | 1.4.0 | 45.00 | OK | |||
r-release-macos-x86_64 | 1.4.0 | 69.00 | OK | |||
r-release-windows-x86_64 | 1.4.0 | 21.00 | 76.00 | 97.00 | OK | |
r-oldrel-macos-arm64 | 1.4.0 | 39.00 | OK | |||
r-oldrel-macos-x86_64 | 1.4.0 | 59.00 | OK | |||
r-oldrel-windows-x86_64 | 1.4.0 | 25.00 | 81.00 | 106.00 | OK |
Version: 1.4.0
Check: CRAN incoming feasibility
Result: NOTE
Maintainer: ‘Yannick Marcon <yannick.marcon@obiba.org>’
The BugReports field in DESCRIPTION has
https://github.com/obiba/resourcer
which should likely be
https://github.com/obiba/resourcer/issues
instead.
Flavors: r-devel-linux-x86_64-debian-clang, r-devel-linux-x86_64-debian-gcc
These binaries (installable software) and packages are in development.
They may not be fully stable and should be used with caution. We make no claims about them.