Last updated on 2025-05-08 04:52:16 CEST.
Flavor | Version | Tinstall | Tcheck | Ttotal | Status | Flags |
---|---|---|---|---|---|---|
r-devel-linux-x86_64-debian-clang | 2.3.3 | 17.92 | 141.74 | 159.66 | NOTE | |
r-devel-linux-x86_64-debian-gcc | 2.3.3 | 12.62 | 95.57 | 108.19 | NOTE | |
r-devel-linux-x86_64-fedora-clang | 2.3.3 | 252.51 | OK | |||
r-devel-linux-x86_64-fedora-gcc | 2.3.3 | 230.96 | OK | |||
r-devel-windows-x86_64 | 2.3.3 | 21.00 | 155.00 | 176.00 | NOTE | |
r-patched-linux-x86_64 | 2.3.3 | 19.27 | 128.13 | 147.40 | NOTE | |
r-release-linux-x86_64 | 2.3.3 | 19.02 | 130.32 | 149.34 | NOTE | |
r-release-macos-arm64 | 2.3.3 | 68.00 | OK | |||
r-release-macos-x86_64 | 2.3.3 | 132.00 | OK | |||
r-release-windows-x86_64 | 2.3.3 | 21.00 | 157.00 | 178.00 | NOTE | |
r-oldrel-macos-arm64 | 2.3.3 | 66.00 | OK | |||
r-oldrel-macos-x86_64 | 2.3.3 | 93.00 | OK | |||
r-oldrel-windows-x86_64 | 2.3.3 | 26.00 | 189.00 | 215.00 | OK |
Version: 2.3.3
Check: Rd cross-references
Result: NOTE
Found the following Rd file(s) with Rd \link{} targets missing package
anchors:
format_time.Rd: lubridate
Please provide package anchors for all Rd \link{} targets not in the
package itself and the base packages.
Flavors: r-devel-linux-x86_64-debian-clang, r-devel-linux-x86_64-debian-gcc, r-devel-windows-x86_64, r-patched-linux-x86_64, r-release-linux-x86_64, r-release-windows-x86_64
These binaries (installable software) and packages are in development.
They may not be fully stable and should be used with caution. We make no claims about them.