Last updated on 2025-11-12 18:50:44 CET.
| Flavor | Version | Tinstall | Tcheck | Ttotal | Status | Flags |
|---|---|---|---|---|---|---|
| r-devel-linux-x86_64-debian-clang | 0.0.16 | 12.27 | 70.27 | 82.54 | OK | --no-tests |
| r-devel-linux-x86_64-debian-gcc | 0.0.16 | 7.70 | 50.47 | 58.17 | OK | --no-tests |
| r-devel-linux-x86_64-fedora-clang | 0.0.16 | 59.00 | 81.73 | 140.73 | OK | |
| r-devel-linux-x86_64-fedora-gcc | 0.0.16 | 29.00 | 99.27 | 128.27 | OK | |
| r-devel-windows-x86_64 | 0.0.16 | 12.00 | 72.00 | 84.00 | OK | --no-examples --no-tests --no-vignettes |
| r-patched-linux-x86_64 | 0.0.16 | 13.46 | 68.34 | 81.80 | OK | --no-tests |
| r-release-linux-x86_64 | 0.0.16 | 11.75 | 68.48 | 80.23 | OK | --no-tests |
| r-release-macos-arm64 | 0.0.16 | 7.00 | 41.00 | 48.00 | OK | |
| r-release-macos-x86_64 | 0.0.16 | 14.00 | 69.00 | 83.00 | OK | |
| r-release-windows-x86_64 | 0.0.16 | 1.00 | 14.00 | 15.00 | ERROR | --no-examples --no-tests --no-vignettes |
| r-oldrel-macos-arm64 | 0.0.16 | 6.00 | 46.00 | 52.00 | OK | |
| r-oldrel-macos-x86_64 | 0.0.16 | 12.00 | 93.00 | 105.00 | OK | |
| r-oldrel-windows-x86_64 | 0.0.16 | 17.00 | 63.00 | 80.00 | OK | --no-examples --no-tests --no-vignettes |
Version: 0.0.16
Flags: --no-examples --no-tests --no-vignettes
Check: whether package can be installed
Result: ERROR
Installation failed.
Flavor: r-release-windows-x86_64
These binaries (installable software) and packages are in development.
They may not be fully stable and should be used with caution. We make no claims about them.