Last updated on 2025-05-23 01:51:08 CEST.
Flavor | Version | Tinstall | Tcheck | Ttotal | Status | Flags |
---|---|---|---|---|---|---|
r-devel-linux-x86_64-debian-clang | 1.0.6 | 25.25 | 358.53 | 383.78 | NOTE | |
r-devel-linux-x86_64-debian-gcc | 1.0.6 | 14.79 | 247.00 | 261.79 | NOTE | |
r-devel-linux-x86_64-fedora-clang | 1.0.6 | 600.25 | OK | |||
r-devel-linux-x86_64-fedora-gcc | 1.0.6 | 596.89 | OK | |||
r-devel-windows-x86_64 | 1.0.6 | 24.00 | 329.00 | 353.00 | NOTE | |
r-patched-linux-x86_64 | 1.0.6 | 24.76 | 359.80 | 384.56 | NOTE | |
r-release-linux-x86_64 | 1.0.6 | 22.66 | 354.23 | 376.89 | NOTE | |
r-release-macos-arm64 | 1.0.6 | 158.00 | OK | |||
r-release-macos-x86_64 | 1.0.6 | 337.00 | OK | |||
r-release-windows-x86_64 | 1.0.6 | 23.00 | 335.00 | 358.00 | NOTE | |
r-oldrel-macos-arm64 | 1.0.6 | 145.00 | NOTE | |||
r-oldrel-macos-x86_64 | 1.0.6 | 252.00 | NOTE | |||
r-oldrel-windows-x86_64 | 1.0.6 | 25.00 | 426.00 | 451.00 | NOTE |
Version: 1.0.6
Check: Rd cross-references
Result: NOTE
Found the following Rd file(s) with Rd \link{} targets missing package
anchors:
invert_vector.Rd: SpatExtent
Please provide package anchors for all Rd \link{} targets not in the
package itself and the base packages.
Flavors: r-devel-linux-x86_64-debian-clang, r-devel-linux-x86_64-debian-gcc, r-devel-windows-x86_64, r-patched-linux-x86_64, r-release-linux-x86_64, r-release-windows-x86_64
Version: 1.0.6
Check: installed package size
Result: NOTE
installed size is 5.1Mb
sub-directories of 1Mb or more:
extdata 1.3Mb
java 2.9Mb
Flavors: r-oldrel-macos-arm64, r-oldrel-macos-x86_64, r-oldrel-windows-x86_64
These binaries (installable software) and packages are in development.
They may not be fully stable and should be used with caution. We make no claims about them.