Last updated on 2025-05-08 04:52:16 CEST.
Flavor | Version | Tinstall | Tcheck | Ttotal | Status | Flags |
---|---|---|---|---|---|---|
r-devel-linux-x86_64-debian-clang | 1.0.0 | 114.97 | 99.38 | 214.35 | OK | |
r-devel-linux-x86_64-debian-gcc | 1.0.0 | 94.98 | 67.65 | 162.63 | OK | |
r-devel-linux-x86_64-fedora-clang | 1.0.0 | 300.42 | OK | |||
r-devel-linux-x86_64-fedora-gcc | 1.0.0 | 419.01 | WARN | |||
r-devel-windows-x86_64 | 1.0.0 | 110.00 | 133.00 | 243.00 | OK | |
r-patched-linux-x86_64 | 1.0.0 | 121.27 | 92.87 | 214.14 | OK | |
r-release-linux-x86_64 | 1.0.0 | 122.20 | 94.04 | 216.24 | OK | |
r-release-macos-arm64 | 1.0.0 | 105.00 | OK | |||
r-release-macos-x86_64 | 1.0.0 | 200.00 | OK | |||
r-release-windows-x86_64 | 1.0.0 | 114.00 | 138.00 | 252.00 | OK | |
r-oldrel-macos-arm64 | 1.0.0 | 96.00 | NOTE | |||
r-oldrel-macos-x86_64 | 1.0.0 | 244.00 | NOTE | |||
r-oldrel-windows-x86_64 | 1.0.0 | 137.00 | 163.00 | 300.00 | OK |
Version: 1.0.0
Check: whether package can be installed
Result: WARN
Found the following significant warnings:
/data/gannet/ripley/R/test-dev/RcppCGAL/include/CGAL/Polynomial_traits_d.h:1059:58: warning: 'SR.54329' is used uninitialized [-Wuninitialized]
See ‘/data/gannet/ripley/R/packages/tests-devel/resultant.Rcheck/00install.out’ for details.
* used C++ compiler: ‘g++-15 (GCC) 15.1.0’
Flavor: r-devel-linux-x86_64-fedora-gcc
Version: 1.0.0
Check: installed package size
Result: NOTE
installed size is 42.1Mb
sub-directories of 1Mb or more:
libs 42.0Mb
Flavors: r-oldrel-macos-arm64, r-oldrel-macos-x86_64
These binaries (installable software) and packages are in development.
They may not be fully stable and should be used with caution. We make no claims about them.