Last updated on 2025-05-01 17:56:14 CEST.
Flavor | Version | Tinstall | Tcheck | Ttotal | Status | Flags |
---|---|---|---|---|---|---|
r-devel-linux-x86_64-debian-clang | 1.1.0 | 2.02 | 19.73 | 21.75 | NOTE | |
r-devel-linux-x86_64-debian-gcc | 1.1.0 | 1.66 | 16.01 | 17.67 | NOTE | |
r-devel-linux-x86_64-fedora-clang | 1.1.0 | 36.80 | OK | |||
r-devel-linux-x86_64-fedora-gcc | 1.1.0 | 32.84 | OK | |||
r-devel-windows-x86_64 | 1.1.0 | 4.00 | 45.00 | 49.00 | OK | |
r-patched-linux-x86_64 | 1.1.0 | 2.01 | 19.38 | 21.39 | OK | |
r-release-linux-x86_64 | OK | |||||
r-release-macos-arm64 | 1.1.0 | 15.00 | OK | |||
r-release-macos-x86_64 | 1.1.0 | 25.00 | OK | |||
r-release-windows-x86_64 | 1.1.0 | 4.00 | 47.00 | 51.00 | OK | |
r-oldrel-macos-arm64 | 1.1.0 | 15.00 | OK | |||
r-oldrel-macos-x86_64 | 1.1.0 | 22.00 | OK | |||
r-oldrel-windows-x86_64 | 1.1.0 | 4.00 | 44.00 | 48.00 | OK |
Version: 1.1.0
Check: CRAN incoming feasibility
Result: NOTE
Maintainer: ‘Miron B. Kursa <M.Kursa@icm.edu.pl>’
No Authors@R field in DESCRIPTION.
Please add one, modifying
Authors@R: person(given = c("Miron", "B."),
family = "Kursa",
role = c("aut", "cre"),
email = "m.kursa@icm.edu.pl")
as necessary.
Flavors: r-devel-linux-x86_64-debian-clang, r-devel-linux-x86_64-debian-gcc
These binaries (installable software) and packages are in development.
They may not be fully stable and should be used with caution. We make no claims about them.