Last updated on 2025-10-23 15:50:08 CEST.
Flavor | Version | Tinstall | Tcheck | Ttotal | Status | Flags |
---|---|---|---|---|---|---|
r-devel-linux-x86_64-debian-clang | 0.2.7 | 60.59 | 41.54 | 102.13 | OK | |
r-devel-linux-x86_64-debian-gcc | 0.2.7 | 50.67 | 35.06 | 85.73 | OK | |
r-devel-linux-x86_64-fedora-clang | 0.2.7 | 137.00 | 32.62 | 169.62 | OK | |
r-devel-linux-x86_64-fedora-gcc | 0.2.7 | 327.00 | -105.05 | 221.95 | OK | |
r-devel-windows-x86_64 | 0.2.7 | 67.00 | 78.00 | 145.00 | OK | |
r-patched-linux-x86_64 | 0.2.7 | 67.44 | 41.11 | 108.55 | OK | |
r-release-linux-x86_64 | 0.2.7 | 68.38 | 44.17 | 112.55 | OK | |
r-release-macos-arm64 | 0.2.7 | 28.00 | 24.00 | 52.00 | OK | |
r-release-macos-x86_64 | 0.2.7 | 62.00 | 51.00 | 113.00 | OK | |
r-release-windows-x86_64 | 0.2.7 | 69.00 | 80.00 | 149.00 | OK | |
r-oldrel-macos-arm64 | 0.2.7 | 31.00 | 48.00 | 79.00 | NOTE | |
r-oldrel-macos-x86_64 | 0.2.7 | 60.00 | 71.00 | 131.00 | NOTE | |
r-oldrel-windows-x86_64 | 0.2.7 | 81.00 | 102.00 | 183.00 | NOTE |
Version: 0.2.7
Check: installed package size
Result: NOTE
installed size is 28.6Mb
sub-directories of 1Mb or more:
include 2.4Mb
libs 24.5Mb
models 1.6Mb
Flavors: r-oldrel-macos-arm64, r-oldrel-macos-x86_64, r-oldrel-windows-x86_64
These binaries (installable software) and packages are in development.
They may not be fully stable and should be used with caution. We make no claims about them.