Last updated on 2025-02-16 08:50:58 CET.
Flavor | Version | Tinstall | Tcheck | Ttotal | Status | Flags |
---|---|---|---|---|---|---|
r-devel-linux-x86_64-debian-clang | 1.40.0 | 37.85 | 104.75 | 142.60 | OK | |
r-devel-linux-x86_64-debian-gcc | 1.40.0 | 27.73 | 75.57 | 103.30 | OK | |
r-devel-linux-x86_64-fedora-clang | 1.40.0 | 243.19 | OK | |||
r-devel-linux-x86_64-fedora-gcc | 1.40.0 | 251.19 | OK | |||
r-devel-macos-arm64 | 1.40.0 | 77.00 | OK | |||
r-devel-macos-x86_64 | 1.40.0 | 155.00 | OK | |||
r-devel-windows-x86_64 | 1.40.0 | 51.00 | 135.00 | 186.00 | OK | |
r-patched-linux-x86_64 | 1.40.0 | 37.33 | 98.58 | 135.91 | OK | |
r-release-linux-x86_64 | 1.40.0 | 41.71 | 98.59 | 140.30 | OK | |
r-release-macos-arm64 | 1.40.0 | 223.00 | NOTE | |||
r-release-macos-x86_64 | 1.40.0 | 249.00 | NOTE | |||
r-release-windows-x86_64 | 1.40.0 | 52.00 | 142.00 | 194.00 | OK | |
r-oldrel-macos-arm64 | 1.40.0 | 228.00 | NOTE | |||
r-oldrel-macos-x86_64 | 1.40.0 | 256.00 | NOTE | |||
r-oldrel-windows-x86_64 | 1.40.0 | 64.00 | 154.00 | 218.00 | OK |
Version: 1.40.0
Check: installed package size
Result: NOTE
installed size is 6.1Mb
sub-directories of 1Mb or more:
libs 3.7Mb
Flavors: r-release-macos-arm64, r-release-macos-x86_64, r-oldrel-macos-arm64, r-oldrel-macos-x86_64
These binaries (installable software) and packages are in development.
They may not be fully stable and should be used with caution. We make no claims about them.