Last updated on 2025-02-16 08:50:58 CET.
Flavor | Version | Tinstall | Tcheck | Ttotal | Status | Flags |
---|---|---|---|---|---|---|
r-devel-linux-x86_64-debian-clang | 0.2.0 | 8.38 | 121.85 | 130.23 | NOTE | |
r-devel-linux-x86_64-debian-gcc | 0.2.0 | 5.06 | 83.33 | 88.39 | NOTE | |
r-devel-linux-x86_64-fedora-clang | 0.2.0 | 208.16 | NOTE | |||
r-devel-linux-x86_64-fedora-gcc | 0.2.0 | 204.66 | NOTE | |||
r-devel-macos-arm64 | 0.2.0 | 88.00 | NOTE | |||
r-devel-macos-x86_64 | 0.2.0 | 136.00 | NOTE | |||
r-devel-windows-x86_64 | 0.2.0 | 8.00 | 132.00 | 140.00 | NOTE | |
r-patched-linux-x86_64 | 0.2.0 | 8.10 | 112.09 | 120.19 | NOTE | |
r-release-linux-x86_64 | 0.2.0 | 7.54 | 112.08 | 119.62 | NOTE | |
r-release-macos-arm64 | 0.2.0 | 64.00 | NOTE | |||
r-release-macos-x86_64 | 0.2.0 | 97.00 | NOTE | |||
r-release-windows-x86_64 | 0.2.0 | 8.00 | 131.00 | 139.00 | NOTE | |
r-oldrel-macos-arm64 | 0.2.0 | 72.00 | NOTE | |||
r-oldrel-macos-x86_64 | 0.2.0 | 121.00 | NOTE | |||
r-oldrel-windows-x86_64 | 0.2.0 | 11.00 | 155.00 | 166.00 | NOTE |
Version: 0.2.0
Check: Rd files
Result: NOTE
checkRd: (-1) harmonize_values.Rd:44: Lost braces; missing escapes or markup?
44 | \item{perl}{Use perl-like regex? Defaults to {FALSE}.}
| ^
Flavors: r-devel-linux-x86_64-debian-clang, r-devel-linux-x86_64-debian-gcc, r-devel-linux-x86_64-fedora-clang, r-devel-linux-x86_64-fedora-gcc, r-devel-macos-arm64, r-devel-macos-x86_64, r-devel-windows-x86_64, r-patched-linux-x86_64, r-release-linux-x86_64, r-release-macos-arm64, r-release-macos-x86_64, r-release-windows-x86_64
Version: 0.2.0
Check: installed package size
Result: NOTE
installed size is 5.6Mb
sub-directories of 1Mb or more:
doc 1.1Mb
examples 1.9Mb
Flavors: r-release-macos-arm64, r-release-macos-x86_64, r-release-windows-x86_64, r-oldrel-macos-arm64, r-oldrel-macos-x86_64, r-oldrel-windows-x86_64
These binaries (installable software) and packages are in development.
They may not be fully stable and should be used with caution. We make no claims about them.