CRAN Package Check Results for Package reutils

Last updated on 2025-05-01 15:49:42 CEST.

Flavor Version Tinstall Tcheck Ttotal Status Flags
r-devel-linux-x86_64-debian-clang 0.2.3 6.09 41.88 47.97 NOTE
r-devel-linux-x86_64-debian-gcc 0.2.3 4.03 31.20 35.23 NOTE
r-devel-linux-x86_64-fedora-clang 0.2.3 74.71 NOTE
r-devel-linux-x86_64-fedora-gcc 0.2.3 68.62 NOTE
r-devel-windows-x86_64 0.2.3 7.00 77.00 84.00 NOTE
r-patched-linux-x86_64 0.2.3 4.88 40.56 45.44 NOTE
r-release-linux-x86_64 NOTE
r-release-macos-arm64 0.2.3 36.00 NOTE
r-release-macos-x86_64 0.2.3 76.00 NOTE
r-release-windows-x86_64 0.2.3 7.00 83.00 90.00 NOTE
r-oldrel-macos-arm64 0.2.3 33.00 NOTE
r-oldrel-macos-x86_64 0.2.3 43.00 NOTE
r-oldrel-windows-x86_64 0.2.3 9.00 77.00 86.00 NOTE

Check Details

Version: 0.2.3
Check: CRAN incoming feasibility
Result: NOTE Maintainer: ‘Gerhard Schöfl <gerhard.schofl@gmail.com>’ No Authors@R field in DESCRIPTION. Please add one, modifying Authors@R: person(given = "Gerhard", family = "Schöfl", role = c("aut", "cre"), email = "gerhard.schofl@gmail.com") as necessary. Flavors: r-devel-linux-x86_64-debian-clang, r-devel-linux-x86_64-debian-gcc

Version: 0.2.3
Check: Rd files
Result: NOTE checkRd: (-1) elink.Rd:70-71: Lost braces in \itemize; meant \describe ? checkRd: (-1) elink.Rd:72-73: Lost braces in \itemize; meant \describe ? checkRd: (-1) elink.Rd:74-76: Lost braces in \itemize; meant \describe ? checkRd: (-1) reutils-package.Rd:114: Lost braces 114 | code{reutils.test.remote} to \code{TRUE} to run the full suite of tests. | ^ Flavors: r-devel-linux-x86_64-debian-clang, r-devel-linux-x86_64-debian-gcc, r-devel-linux-x86_64-fedora-clang, r-devel-linux-x86_64-fedora-gcc, r-devel-windows-x86_64, r-patched-linux-x86_64, r-release-linux-x86_64, r-release-macos-arm64, r-release-macos-x86_64, r-release-windows-x86_64, r-oldrel-macos-arm64, r-oldrel-macos-x86_64, r-oldrel-windows-x86_64

Version: 0.2.3
Check: Rd cross-references
Result: NOTE Found the following Rd file(s) with Rd \link{} targets missing package anchors: content.Rd: XMLInternalDocument-class Please provide package anchors for all Rd \link{} targets not in the package itself and the base packages. Flavors: r-devel-linux-x86_64-debian-clang, r-devel-linux-x86_64-debian-gcc, r-devel-windows-x86_64, r-patched-linux-x86_64, r-release-linux-x86_64, r-release-windows-x86_64

These binaries (installable software) and packages are in development.
They may not be fully stable and should be used with caution. We make no claims about them.