CRAN Package Check Results for Package reval

Last updated on 2025-07-25 01:49:37 CEST.

Flavor Version Tinstall Tcheck Ttotal Status Flags
r-devel-linux-x86_64-debian-clang 3.1-0 3.81 41.86 45.67 NOTE
r-devel-linux-x86_64-debian-gcc 3.1-0 2.80 31.59 34.39 NOTE
r-devel-linux-x86_64-fedora-clang 3.1-0 71.66 OK
r-devel-linux-x86_64-fedora-gcc 3.1-0 80.07 OK
r-devel-windows-x86_64 3.1-0 5.00 66.00 71.00 OK
r-patched-linux-x86_64 3.1-0 3.77 39.19 42.96 OK
r-release-linux-x86_64 3.1-0 3.70 39.53 43.23 OK
r-release-macos-arm64 3.1-0 32.00 OK
r-release-macos-x86_64 3.1-0 58.00 OK
r-release-windows-x86_64 3.1-0 6.00 58.00 64.00 OK
r-oldrel-macos-arm64 3.1-0 27.00 OK
r-oldrel-macos-x86_64 3.1-0 42.00 OK
r-oldrel-windows-x86_64 3.1-0 7.00 65.00 72.00 OK

Check Details

Version: 3.1-0
Check: CRAN incoming feasibility
Result: NOTE Maintainer: ‘Michael C Koohafkan <michael.koohafkan@gmail.com>’ No Authors@R field in DESCRIPTION. Please add one, modifying Authors@R: person(given = c("Michael", "C"), family = "Koohafkan", role = c("aut", "cre"), email = "michael.koohafkan@gmail.com") as necessary. Flavors: r-devel-linux-x86_64-debian-clang, r-devel-linux-x86_64-debian-gcc

These binaries (installable software) and packages are in development.
They may not be fully stable and should be used with caution. We make no claims about them.