CRAN Package Check Results for Package reval

Last updated on 2025-10-23 11:50:25 CEST.

Flavor Version Tinstall Tcheck Ttotal Status Flags
r-devel-linux-x86_64-debian-clang 3.1-0 3.84 43.38 47.22 NOTE
r-devel-linux-x86_64-debian-gcc 3.1-0 2.82 31.57 34.39 NOTE
r-devel-linux-x86_64-fedora-clang 3.1-0 72.43 OK
r-devel-linux-x86_64-fedora-gcc 3.1-0 20.00 66.80 86.80 OK
r-devel-windows-x86_64 3.1-0 5.00 57.00 62.00 OK
r-patched-linux-x86_64 3.1-0 3.54 41.46 45.00 OK
r-release-linux-x86_64 3.1-0 3.29 40.98 44.27 OK
r-release-macos-arm64 3.1-0 2.00 30.00 32.00 OK
r-release-macos-x86_64 3.1-0 3.00 55.00 58.00 OK
r-release-windows-x86_64 3.1-0 5.00 58.00 63.00 OK
r-oldrel-macos-arm64 3.1-0 2.00 25.00 27.00 OK
r-oldrel-macos-x86_64 3.1-0 3.00 39.00 42.00 OK
r-oldrel-windows-x86_64 3.1-0 8.00 68.00 76.00 OK

Check Details

Version: 3.1-0
Check: CRAN incoming feasibility
Result: NOTE Maintainer: ‘Michael C Koohafkan <michael.koohafkan@gmail.com>’ No Authors@R field in DESCRIPTION. Please add one, modifying Authors@R: person(given = c("Michael", "C"), family = "Koohafkan", role = c("aut", "cre"), email = "michael.koohafkan@gmail.com") as necessary. Flavors: r-devel-linux-x86_64-debian-clang, r-devel-linux-x86_64-debian-gcc

These binaries (installable software) and packages are in development.
They may not be fully stable and should be used with caution. We make no claims about them.