Last updated on 2025-10-03 03:50:55 CEST.
Flavor | Version | Tinstall | Tcheck | Ttotal | Status | Flags |
---|---|---|---|---|---|---|
r-devel-linux-x86_64-debian-clang | 1.5.5 | 47.98 | 408.23 | 456.21 | OK | |
r-devel-linux-x86_64-debian-gcc | 1.5.5 | 29.66 | 229.66 | 259.32 | OK | |
r-devel-linux-x86_64-fedora-clang | 1.5.5 | 729.67 | OK | |||
r-devel-linux-x86_64-fedora-gcc | 1.5.5 | 725.73 | OK | |||
r-devel-windows-x86_64 | 1.5.5 | 48.00 | 390.00 | 438.00 | OK | |
r-patched-linux-x86_64 | 1.5.5 | 48.17 | 386.41 | 434.58 | OK | |
r-release-linux-x86_64 | 1.5.5 | 40.87 | 381.70 | 422.57 | OK | |
r-release-macos-arm64 | 1.5.5 | 140.00 | OK | |||
r-release-macos-x86_64 | 1.5.5 | 350.00 | OK | |||
r-release-windows-x86_64 | 1.5.5 | 46.00 | 388.00 | 434.00 | OK | |
r-oldrel-macos-arm64 | 1.5.5 | 160.00 | NOTE | |||
r-oldrel-macos-x86_64 | 1.5.5 | 533.00 | NOTE | |||
r-oldrel-windows-x86_64 | 1.5.5 | 65.00 | 512.00 | 577.00 | OK |
Version: 1.5.5
Check: installed package size
Result: NOTE
installed size is 5.9Mb
sub-directories of 1Mb or more:
libs 4.7Mb
Flavors: r-oldrel-macos-arm64, r-oldrel-macos-x86_64
These binaries (installable software) and packages are in development.
They may not be fully stable and should be used with caution. We make no claims about them.