Last updated on 2025-02-16 08:50:58 CET.
Flavor | Version | Tinstall | Tcheck | Ttotal | Status | Flags |
---|---|---|---|---|---|---|
r-devel-linux-x86_64-debian-clang | 1.5.5 | 41.49 | 384.67 | 426.16 | OK | |
r-devel-linux-x86_64-debian-gcc | 1.5.5 | 29.21 | 212.43 | 241.64 | OK | |
r-devel-linux-x86_64-fedora-clang | 1.5.5 | 719.06 | OK | |||
r-devel-linux-x86_64-fedora-gcc | 1.5.5 | 695.79 | OK | |||
r-devel-macos-arm64 | 1.5.5 | 149.00 | OK | |||
r-devel-macos-x86_64 | 1.5.5 | 350.00 | OK | |||
r-devel-windows-x86_64 | 1.5.5 | 46.00 | 370.00 | 416.00 | OK | |
r-patched-linux-x86_64 | 1.5.5 | 41.62 | 361.00 | 402.62 | OK | |
r-release-linux-x86_64 | 1.5.5 | 37.75 | 361.65 | 399.40 | OK | |
r-release-macos-arm64 | 1.5.5 | 160.00 | NOTE | |||
r-release-macos-x86_64 | 1.5.5 | 533.00 | NOTE | |||
r-release-windows-x86_64 | 1.5.5 | 46.00 | 382.00 | 428.00 | OK | |
r-oldrel-macos-arm64 | 1.5.5 | 252.00 | NOTE | |||
r-oldrel-macos-x86_64 | 1.5.5 | 573.00 | NOTE | |||
r-oldrel-windows-x86_64 | 1.5.5 | 53.00 | 448.00 | 501.00 | OK |
Version: 1.5.5
Check: installed package size
Result: NOTE
installed size is 5.9Mb
sub-directories of 1Mb or more:
libs 4.7Mb
Flavors: r-release-macos-arm64, r-release-macos-x86_64, r-oldrel-macos-arm64, r-oldrel-macos-x86_64
These binaries (installable software) and packages are in development.
They may not be fully stable and should be used with caution. We make no claims about them.