Last updated on 2025-11-12 18:50:44 CET.
| Flavor | Version | Tinstall | Tcheck | Ttotal | Status | Flags |
|---|---|---|---|---|---|---|
| r-devel-linux-x86_64-debian-clang | 1.5.5 | 43.60 | 406.26 | 449.86 | OK | |
| r-devel-linux-x86_64-debian-gcc | 1.5.5 | 26.93 | 225.63 | 252.56 | OK | |
| r-devel-linux-x86_64-fedora-clang | 1.5.5 | 65.00 | 670.61 | 735.61 | OK | |
| r-devel-linux-x86_64-fedora-gcc | 1.5.5 | 95.00 | 631.57 | 726.57 | OK | |
| r-devel-windows-x86_64 | 1.5.5 | 50.00 | 479.00 | 529.00 | OK | |
| r-patched-linux-x86_64 | 1.5.5 | 47.50 | 388.40 | 435.90 | OK | |
| r-release-linux-x86_64 | 1.5.5 | 43.57 | 386.41 | 429.98 | OK | |
| r-release-macos-arm64 | 1.5.5 | 15.00 | 125.00 | 140.00 | OK | |
| r-release-macos-x86_64 | 1.5.5 | 25.00 | 325.00 | 350.00 | OK | |
| r-release-windows-x86_64 | 1.5.5 | 47.00 | 372.00 | 419.00 | OK | |
| r-oldrel-macos-arm64 | 1.5.5 | 18.00 | 142.00 | 160.00 | NOTE | |
| r-oldrel-macos-x86_64 | 1.5.5 | 45.00 | 488.00 | 533.00 | NOTE | |
| r-oldrel-windows-x86_64 | 1.5.5 | 62.00 | 514.00 | 576.00 | OK |
Version: 1.5.5
Check: installed package size
Result: NOTE
installed size is 5.9Mb
sub-directories of 1Mb or more:
libs 4.7Mb
Flavors: r-oldrel-macos-arm64, r-oldrel-macos-x86_64
These binaries (installable software) and packages are in development.
They may not be fully stable and should be used with caution. We make no claims about them.