CRAN Package Check Results for Package revealjs

Last updated on 2025-10-23 17:50:59 CEST.

Flavor Version Tinstall Tcheck Ttotal Status Flags
r-devel-linux-x86_64-debian-clang 0.10.0 2.77 30.18 32.95 OK
r-devel-linux-x86_64-debian-gcc 0.10.0 2.11 23.57 25.68 OK
r-devel-linux-x86_64-fedora-clang 0.10.0 49.13 OK
r-devel-linux-x86_64-fedora-gcc 0.10.0 13.00 36.65 49.65 OK
r-devel-windows-x86_64 0.10.0 6.00 50.00 56.00 OK
r-patched-linux-x86_64 0.10.0 2.70 28.69 31.39 OK
r-release-linux-x86_64 0.10.0 2.69 28.95 31.64 OK
r-release-macos-arm64 0.10.0 2.00 32.00 34.00 OK
r-release-macos-x86_64 0.10.0 2.00 51.00 53.00 OK
r-release-windows-x86_64 0.10.0 6.00 60.00 66.00 OK
r-oldrel-macos-arm64 0.10.0 1.00 41.00 42.00 NOTE
r-oldrel-macos-x86_64 0.10.0 2.00 50.00 52.00 NOTE
r-oldrel-windows-x86_64 0.10.0 7.00 59.00 66.00 NOTE

Check Details

Version: 0.10.0
Check: installed package size
Result: NOTE installed size is 5.1Mb sub-directories of 1Mb or more: reveal.js-4.2.1 4.9Mb Flavors: r-oldrel-macos-arm64, r-oldrel-macos-x86_64, r-oldrel-windows-x86_64

These binaries (installable software) and packages are in development.
They may not be fully stable and should be used with caution. We make no claims about them.