CRAN Package Check Results for Package revengc

Last updated on 2025-02-16 08:50:58 CET.

Flavor Version Tinstall Tcheck Ttotal Status Flags
r-devel-linux-x86_64-debian-clang 1.0.4 7.63 62.52 70.15 NOTE
r-devel-linux-x86_64-debian-gcc 1.0.4 3.58 44.74 48.32 NOTE
r-devel-linux-x86_64-fedora-clang 1.0.4 113.82 NOTE
r-devel-linux-x86_64-fedora-gcc 1.0.4 118.19 NOTE
r-devel-macos-arm64 1.0.4 42.00 NOTE
r-devel-macos-x86_64 1.0.4 84.00 NOTE
r-devel-windows-x86_64 1.0.4 9.00 99.00 108.00 NOTE
r-patched-linux-x86_64 1.0.4 7.30 58.22 65.52 NOTE
r-release-linux-x86_64 1.0.4 7.00 58.99 65.99 NOTE
r-release-macos-arm64 1.0.4 38.00 NOTE
r-release-macos-x86_64 1.0.4 61.00 NOTE
r-release-windows-x86_64 1.0.4 9.00 108.00 117.00 NOTE
r-oldrel-macos-arm64 1.0.4 37.00 NOTE
r-oldrel-macos-x86_64 1.0.4 52.00 NOTE
r-oldrel-windows-x86_64 1.0.4 11.00 99.00 110.00 NOTE

Check Details

Version: 1.0.4
Check: Rd files
Result: NOTE checkRd: (-1) rec.Rd:23: Escaped LaTeX specials: \$ Flavors: r-devel-linux-x86_64-debian-clang, r-devel-linux-x86_64-debian-gcc, r-devel-linux-x86_64-fedora-clang, r-devel-linux-x86_64-fedora-gcc, r-devel-macos-arm64, r-devel-macos-x86_64, r-devel-windows-x86_64, r-patched-linux-x86_64, r-release-linux-x86_64, r-release-macos-arm64, r-release-macos-x86_64, r-release-windows-x86_64, r-oldrel-macos-arm64, r-oldrel-macos-x86_64, r-oldrel-windows-x86_64

These binaries (installable software) and packages are in development.
They may not be fully stable and should be used with caution. We make no claims about them.