Last updated on 2025-10-23 17:50:59 CEST.
Flavor | Version | Tinstall | Tcheck | Ttotal | Status | Flags |
---|---|---|---|---|---|---|
r-devel-linux-x86_64-debian-clang | 0.2 | 8.53 | 75.85 | 84.38 | OK | |
r-devel-linux-x86_64-debian-gcc | 0.2 | 7.02 | 55.99 | 63.01 | OK | |
r-devel-linux-x86_64-fedora-clang | 0.2 | 67.00 | 71.94 | 138.94 | WARN | |
r-devel-linux-x86_64-fedora-gcc | 0.2 | 34.00 | 94.48 | 128.48 | OK | |
r-devel-windows-x86_64 | 0.2 | 12.00 | 83.00 | 95.00 | OK | |
r-patched-linux-x86_64 | 0.2 | 8.59 | 72.72 | 81.31 | OK | |
r-release-linux-x86_64 | 0.2 | 8.47 | 73.00 | 81.47 | OK | |
r-release-macos-arm64 | 0.2 | 4.00 | 35.00 | 39.00 | OK | |
r-release-macos-x86_64 | 0.2 | 7.00 | 72.00 | 79.00 | OK | |
r-release-windows-x86_64 | 0.2 | 11.00 | 84.00 | 95.00 | OK | |
r-oldrel-macos-arm64 | 0.2 | 4.00 | 34.00 | 38.00 | OK | |
r-oldrel-macos-x86_64 | 0.2 | 13.00 | 93.00 | 106.00 | OK | |
r-oldrel-windows-x86_64 | 0.2 | 14.00 | 102.00 | 116.00 | OK |
Version: 0.2
Check: whether the namespace can be loaded with stated dependencies
Result: WARN
Error in loadNamespace(j <- i[[1L]], c(lib.loc, .libPaths()), versionCheck = vI[[j]]) :
there is no package called ‘DEoptimR’
Calls: <Anonymous> ... loadNamespace -> withRestarts -> withOneRestart -> doWithOneRestart
Execution halted
A namespace must be able to be loaded with just the base namespace
loaded: otherwise if the namespace gets loaded by a saved object, the
session will be unable to start.
Probably some imports need to be declared in the NAMESPACE file.
Flavor: r-devel-linux-x86_64-fedora-clang
These binaries (installable software) and packages are in development.
They may not be fully stable and should be used with caution. We make no claims about them.