CRAN Package Check Results for Package revgeo

Last updated on 2025-02-16 08:50:58 CET.

Flavor Version Tinstall Tcheck Ttotal Status Flags
r-devel-linux-x86_64-debian-clang 0.15 2.62 23.61 26.23 OK
r-devel-linux-x86_64-debian-gcc 0.15 1.93 18.98 20.91 OK
r-devel-linux-x86_64-fedora-clang 0.15 41.55 OK
r-devel-linux-x86_64-fedora-gcc 0.15 39.40 OK
r-devel-macos-arm64 0.15 20.00 OK
r-devel-macos-x86_64 0.15 27.00 OK
r-devel-windows-x86_64 0.15 3.00 43.00 46.00 OK
r-patched-linux-x86_64 0.15 2.49 22.45 24.94 NOTE
r-release-linux-x86_64 0.15 2.58 22.56 25.14 NOTE
r-release-macos-arm64 0.15 17.00 NOTE
r-release-macos-x86_64 0.15 30.00 NOTE
r-release-windows-x86_64 0.15 4.00 44.00 48.00 NOTE
r-oldrel-macos-arm64 0.15 22.00 NOTE
r-oldrel-macos-x86_64 0.15 22.00 NOTE
r-oldrel-windows-x86_64 0.15 4.00 46.00 50.00 NOTE

Check Details

Version: 0.15
Check: LazyData
Result: NOTE 'LazyData' is specified without a 'data' directory Flavors: r-patched-linux-x86_64, r-release-linux-x86_64, r-release-macos-arm64, r-release-macos-x86_64, r-release-windows-x86_64, r-oldrel-macos-arm64, r-oldrel-macos-x86_64, r-oldrel-windows-x86_64

These binaries (installable software) and packages are in development.
They may not be fully stable and should be used with caution. We make no claims about them.