CRAN Package Check Results for Package revtools

Last updated on 2025-07-02 01:51:48 CEST.

Flavor Version Tinstall Tcheck Ttotal Status Flags
r-devel-linux-x86_64-debian-clang 0.4.1 11.97 84.57 96.54 OK
r-devel-linux-x86_64-debian-gcc 0.4.1 8.70 58.63 67.33 OK
r-devel-linux-x86_64-fedora-clang 0.4.1 152.54 OK
r-devel-linux-x86_64-fedora-gcc 0.4.1 136.63 OK
r-devel-windows-x86_64 0.4.1 13.00 98.00 111.00 OK
r-patched-linux-x86_64 OK
r-release-linux-x86_64 0.4.1 10.76 78.05 88.81 OK
r-release-macos-arm64 0.4.1 41.00 OK
r-release-macos-x86_64 0.4.1 70.00 OK
r-release-windows-x86_64 0.4.1 14.00 98.00 112.00 OK
r-oldrel-macos-arm64 0.4.1 40.00 NOTE
r-oldrel-macos-x86_64 0.4.1 57.00 NOTE
r-oldrel-windows-x86_64 0.4.1 19.00 116.00 135.00 NOTE

Check Details

Version: 0.4.1
Check: LazyData
Result: NOTE 'LazyData' is specified without a 'data' directory Flavors: r-oldrel-macos-arm64, r-oldrel-macos-x86_64, r-oldrel-windows-x86_64

These binaries (installable software) and packages are in development.
They may not be fully stable and should be used with caution. We make no claims about them.