Last updated on 2025-10-24 21:50:17 CEST.
| Flavor | Version | Tinstall | Tcheck | Ttotal | Status | Flags |
|---|---|---|---|---|---|---|
| r-devel-linux-x86_64-debian-clang | 0.4.1 | 13.74 | 94.56 | 108.30 | OK | |
| r-devel-linux-x86_64-debian-gcc | 0.4.1 | 9.99 | 64.71 | 74.70 | OK | |
| r-devel-linux-x86_64-fedora-clang | 0.4.1 | 29.00 | 135.72 | 164.72 | OK | |
| r-devel-linux-x86_64-fedora-gcc | 0.4.1 | 49.00 | 114.46 | 163.46 | OK | |
| r-devel-windows-x86_64 | 0.4.1 | 14.00 | 103.00 | 117.00 | OK | |
| r-patched-linux-x86_64 | 0.4.1 | 13.65 | 86.85 | 100.50 | OK | |
| r-release-linux-x86_64 | 0.4.1 | 12.92 | 87.88 | 100.80 | OK | |
| r-release-macos-arm64 | 0.4.1 | 5.00 | 36.00 | 41.00 | OK | |
| r-release-macos-x86_64 | 0.4.1 | 10.00 | 60.00 | 70.00 | OK | |
| r-release-windows-x86_64 | 0.4.1 | 15.00 | 106.00 | 121.00 | OK | |
| r-oldrel-macos-arm64 | 0.4.1 | 5.00 | 35.00 | 40.00 | NOTE | |
| r-oldrel-macos-x86_64 | 0.4.1 | 8.00 | 49.00 | 57.00 | NOTE | |
| r-oldrel-windows-x86_64 | 0.4.1 | 18.00 | 131.00 | 149.00 | NOTE |
Version: 0.4.1
Check: LazyData
Result: NOTE
'LazyData' is specified without a 'data' directory
Flavors: r-oldrel-macos-arm64, r-oldrel-macos-x86_64, r-oldrel-windows-x86_64
These binaries (installable software) and packages are in development.
They may not be fully stable and should be used with caution. We make no claims about them.