Last updated on 2025-11-11 17:50:11 CET.
| Flavor | Version | Tinstall | Tcheck | Ttotal | Status | Flags |
|---|---|---|---|---|---|---|
| r-devel-linux-x86_64-debian-clang | 0.0.3 | 4.87 | 38.82 | 43.69 | OK | |
| r-devel-linux-x86_64-debian-gcc | 0.0.3 | 3.10 | 28.48 | 31.58 | OK | |
| r-devel-linux-x86_64-fedora-clang | 0.0.3 | 10.00 | 54.69 | 64.69 | OK | |
| r-devel-linux-x86_64-fedora-gcc | 0.0.3 | 10.00 | 50.82 | 60.82 | OK | |
| r-devel-windows-x86_64 | 0.0.3 | 6.00 | 59.00 | 65.00 | OK | |
| r-patched-linux-x86_64 | 0.0.3 | 3.69 | 35.91 | 39.60 | OK | |
| r-release-linux-x86_64 | 0.0.3 | 4.41 | 36.72 | 41.13 | OK | |
| r-release-macos-arm64 | 0.0.3 | 2.00 | 23.00 | 25.00 | OK | |
| r-release-macos-x86_64 | 0.0.3 | 4.00 | 38.00 | 42.00 | OK | |
| r-release-windows-x86_64 | 0.0.3 | 6.00 | 66.00 | 72.00 | OK | |
| r-oldrel-macos-arm64 | 0.0.3 | 2.00 | 21.00 | 23.00 | NOTE | |
| r-oldrel-macos-x86_64 | 0.0.3 | 3.00 | 29.00 | 32.00 | NOTE | |
| r-oldrel-windows-x86_64 | 0.0.3 | 8.00 | 69.00 | 77.00 | NOTE |
Version: 0.0.3
Check: LazyData
Result: NOTE
'LazyData' is specified without a 'data' directory
Flavors: r-oldrel-macos-arm64, r-oldrel-macos-x86_64, r-oldrel-windows-x86_64
These binaries (installable software) and packages are in development.
They may not be fully stable and should be used with caution. We make no claims about them.