Last updated on 2025-07-02 01:51:48 CEST.
Flavor | Version | Tinstall | Tcheck | Ttotal | Status | Flags |
---|---|---|---|---|---|---|
r-devel-linux-x86_64-debian-clang | 1.0.0 | 2.55 | 39.51 | 42.06 | NOTE | |
r-devel-linux-x86_64-debian-gcc | 1.0.0 | 1.59 | 31.17 | 32.76 | NOTE | |
r-devel-linux-x86_64-fedora-clang | 1.0.0 | 63.32 | NOTE | |||
r-devel-linux-x86_64-fedora-gcc | 1.0.0 | 72.12 | NOTE | |||
r-devel-windows-x86_64 | 1.0.0 | 4.00 | 60.00 | 64.00 | NOTE | |
r-patched-linux-x86_64 | NOTE | |||||
r-release-linux-x86_64 | 1.0.0 | 2.41 | 35.18 | 37.59 | NOTE | |
r-release-macos-arm64 | 1.0.0 | 30.00 | NOTE | |||
r-release-macos-x86_64 | 1.0.0 | 51.00 | OK | |||
r-release-windows-x86_64 | 1.0.0 | 5.00 | 62.00 | 67.00 | NOTE | |
r-oldrel-macos-arm64 | 1.0.0 | 28.00 | OK | |||
r-oldrel-macos-x86_64 | 1.0.0 | 40.00 | OK | |||
r-oldrel-windows-x86_64 | 1.0.0 | 6.00 | 69.00 | 75.00 | OK |
Version: 1.0.0
Check: DESCRIPTION meta-information
Result: NOTE
Missing dependency on R >= 4.1.0 because package code uses the pipe
|> or function shorthand \(...) syntax added in R 4.1.0.
File(s) using such syntax:
‘define_an_exercise.Rd’ ‘define_exercises.Rd’
‘define_exercises_from_csv.Rd’ ‘define_exercises_from_excel.Rd’
Flavors: r-devel-linux-x86_64-debian-clang, r-devel-linux-x86_64-debian-gcc, r-devel-linux-x86_64-fedora-clang, r-devel-linux-x86_64-fedora-gcc, r-devel-windows-x86_64, r-patched-linux-x86_64, r-release-linux-x86_64, r-release-macos-arm64, r-release-windows-x86_64
These binaries (installable software) and packages are in development.
They may not be fully stable and should be used with caution. We make no claims about them.