Last updated on 2025-11-11 15:50:45 CET.
| Flavor | Version | Tinstall | Tcheck | Ttotal | Status | Flags |
|---|---|---|---|---|---|---|
| r-devel-linux-x86_64-debian-clang | 0.26.6.14 | 17.67 | 33.43 | 51.10 | NOTE | |
| r-devel-linux-x86_64-debian-gcc | 0.26.6.14 | 11.20 | 26.02 | 37.22 | NOTE | |
| r-devel-linux-x86_64-fedora-clang | 0.26.6.14 | 40.00 | 39.67 | 79.67 | OK | |
| r-devel-linux-x86_64-fedora-gcc | 0.26.6.14 | 31.00 | 42.90 | 73.90 | OK | |
| r-devel-windows-x86_64 | 0.26.6.14 | 19.00 | 68.00 | 87.00 | OK | |
| r-patched-linux-x86_64 | 0.26.6.14 | 16.11 | 31.29 | 47.40 | NOTE | |
| r-release-linux-x86_64 | 0.26.6.14 | 15.45 | 31.13 | 46.58 | NOTE | |
| r-release-macos-arm64 | 0.26.6.14 | 8.00 | 18.00 | 26.00 | OK | |
| r-release-macos-x86_64 | 0.26.6.14 | 10.00 | 30.00 | 40.00 | OK | |
| r-release-windows-x86_64 | 0.26.6.14 | 23.00 | 71.00 | 94.00 | OK | |
| r-oldrel-macos-arm64 | 0.26.6.14 | 8.00 | 18.00 | 26.00 | OK | |
| r-oldrel-macos-x86_64 | 0.26.6.14 | 10.00 | 26.00 | 36.00 | OK | |
| r-oldrel-windows-x86_64 | 0.26.6.14 | 21.00 | 84.00 | 105.00 | OK |
Version: 0.26.6.14
Check: for unstated dependencies in ‘demo’
Result: NOTE
'::' or ':::' import not declared from: ‘Matrix’
'library' or 'require' call not declared from: ‘Matrix’
Flavors: r-devel-linux-x86_64-debian-clang, r-devel-linux-x86_64-debian-gcc, r-patched-linux-x86_64, r-release-linux-x86_64
These binaries (installable software) and packages are in development.
They may not be fully stable and should be used with caution. We make no claims about them.