Last updated on 2025-05-01 12:49:39 CEST.
Flavor | Version | Tinstall | Tcheck | Ttotal | Status | Flags |
---|---|---|---|---|---|---|
r-devel-linux-x86_64-debian-clang | 2.5.4 | 4.10 | 58.27 | 62.37 | NOTE | |
r-devel-linux-x86_64-debian-gcc | 2.5.4 | 2.71 | 43.82 | 46.53 | OK | |
r-devel-linux-x86_64-fedora-clang | 2.5.4 | 99.74 | OK | |||
r-devel-linux-x86_64-fedora-gcc | 2.5.4 | 89.65 | OK | |||
r-devel-windows-x86_64 | 2.5.4 | 7.00 | 80.00 | 87.00 | OK | |
r-patched-linux-x86_64 | 2.5.4 | 4.24 | 55.42 | 59.66 | OK | |
r-release-linux-x86_64 | OK | |||||
r-release-macos-arm64 | 2.5.4 | 40.00 | OK | |||
r-release-macos-x86_64 | 2.5.4 | 71.00 | OK | |||
r-release-windows-x86_64 | 2.5.4 | 7.00 | 86.00 | 93.00 | OK | |
r-oldrel-macos-arm64 | 2.5.4 | 39.00 | OK | |||
r-oldrel-macos-x86_64 | 2.5.4 | 66.00 | OK | |||
r-oldrel-windows-x86_64 | 2.5.4 | 8.00 | 91.00 | 99.00 | OK |
Version: 2.5.4
Check: examples
Result: NOTE
Examples with CPU (user + system) or elapsed time > 5s
user system elapsed
combineRP 6.994 0.088 8.409
Flavor: r-devel-linux-x86_64-debian-clang
Version: 2.5.4
Check: examples
Result: NA
user system elapsed
combineRP 4.953 0.093 6.361
OK
Flavor: r-devel-linux-x86_64-debian-gcc
These binaries (installable software) and packages are in development.
They may not be fully stable and should be used with caution. We make no claims about them.