Last updated on 2025-07-19 21:49:46 CEST.
Flavor | Version | Tinstall | Tcheck | Ttotal | Status | Flags |
---|---|---|---|---|---|---|
r-devel-linux-x86_64-debian-clang | 1.0.3 | 12.22 | 124.63 | 136.85 | NOTE | |
r-devel-linux-x86_64-debian-gcc | 1.0.3 | 8.76 | 87.50 | 96.26 | NOTE | |
r-devel-linux-x86_64-fedora-clang | 1.0.3 | 210.90 | NOTE | |||
r-devel-linux-x86_64-fedora-gcc | 1.0.3 | 214.15 | NOTE | |||
r-devel-windows-x86_64 | 1.0.3 | 12.00 | 130.00 | 142.00 | OK | |
r-patched-linux-x86_64 | 1.0.3 | 9.99 | 117.06 | 127.05 | OK | |
r-release-linux-x86_64 | 1.0.3 | 10.43 | 114.40 | 124.83 | OK | |
r-release-macos-arm64 | 1.0.3 | 61.00 | OK | |||
r-release-macos-x86_64 | 1.0.3 | 112.00 | OK | |||
r-release-windows-x86_64 | 1.0.3 | 12.00 | 124.00 | 136.00 | OK | |
r-oldrel-macos-arm64 | 1.0.3 | 57.00 | OK | |||
r-oldrel-macos-x86_64 | 1.0.3 | 86.00 | OK | |||
r-oldrel-windows-x86_64 | 1.0.3 | 17.00 | 163.00 | 180.00 | OK |
Version: 1.0.3
Check: CRAN incoming feasibility
Result: NOTE
Maintainer: ‘Markus Loecher <Markus.Loecher@gmail.com>’
No Authors@R field in DESCRIPTION.
Please add one, modifying
Authors@R: person(given = "Markus",
family = "Loecher",
role = c("aut", "cre"),
email = "Markus.Loecher@gmail.com")
as necessary.
Flavors: r-devel-linux-x86_64-debian-clang, r-devel-linux-x86_64-debian-gcc
Version: 1.0.3
Check: dependencies in R code
Result: NOTE
Namespace in Imports field not imported from: ‘titanic’
All declared Imports should be used.
Flavors: r-devel-linux-x86_64-fedora-clang, r-devel-linux-x86_64-fedora-gcc
These binaries (installable software) and packages are in development.
They may not be fully stable and should be used with caution. We make no claims about them.