CRAN Package Check Results for Package rfieldclimate

Last updated on 2025-10-23 11:50:25 CEST.

Flavor Version Tinstall Tcheck Ttotal Status Flags
r-devel-linux-x86_64-debian-clang 0.1.1 3.67 37.03 40.70 NOTE
r-devel-linux-x86_64-debian-gcc 0.1.1 2.56 27.68 30.24 OK
r-devel-linux-x86_64-fedora-clang 0.1.1 59.42 OK
r-devel-linux-x86_64-fedora-gcc 0.1.1 12.00 47.67 59.67 OK
r-devel-windows-x86_64 0.1.1 5.00 52.00 57.00 OK
r-patched-linux-x86_64 0.1.1 3.83 33.79 37.62 OK
r-release-linux-x86_64 0.1.1 3.30 33.23 36.53 OK
r-release-macos-arm64 0.1.1 2.00 20.00 22.00 OK
r-release-macos-x86_64 0.1.1 4.00 33.00 37.00 OK
r-release-windows-x86_64 0.1.1 7.00 54.00 61.00 OK
r-oldrel-macos-arm64 0.1.1 2.00 20.00 22.00 OK
r-oldrel-macos-x86_64 0.1.1 3.00 26.00 29.00 OK
r-oldrel-windows-x86_64 0.1.1 6.00 60.00 66.00 OK

Check Details

Version: 0.1.1
Check: HTML version of manual
Result: NOTE Found the following HTML validation problems: parse_sensor.html:46:1 (parse_sensor.Rd:10): Warning: missing </ul> before </div> parse_station.html:46:1 (parse_station.Rd:10): Warning: missing </ul> before </div> parse_timepoint.html:46:1 (parse_timepoint.Rd:10): Warning: missing </ul> before </div> Flavor: r-devel-linux-x86_64-debian-clang

These binaries (installable software) and packages are in development.
They may not be fully stable and should be used with caution. We make no claims about them.