Last updated on 2025-11-12 18:50:44 CET.
| Flavor | Version | Tinstall | Tcheck | Ttotal | Status | Flags |
|---|---|---|---|---|---|---|
| r-devel-linux-x86_64-debian-clang | 0.3.8 | 7.13 | 76.90 | 84.03 | NOTE | |
| r-devel-linux-x86_64-debian-gcc | 0.3.8 | 5.35 | 54.93 | 60.28 | NOTE | |
| r-devel-linux-x86_64-fedora-clang | 0.3.8 | 40.00 | 91.86 | 131.86 | NOTE | |
| r-devel-linux-x86_64-fedora-gcc | 0.3.8 | 16.00 | 117.10 | 133.10 | NOTE | |
| r-devel-windows-x86_64 | 0.3.8 | 11.00 | 87.00 | 98.00 | NOTE | |
| r-patched-linux-x86_64 | 0.3.8 | 6.72 | 70.22 | 76.94 | NOTE | |
| r-release-linux-x86_64 | 0.3.8 | 5.69 | 70.82 | 76.51 | NOTE | |
| r-release-macos-arm64 | 0.3.8 | 3.00 | 35.00 | 38.00 | NOTE | |
| r-release-macos-x86_64 | 0.3.8 | 6.00 | 65.00 | 71.00 | NOTE | |
| r-release-windows-x86_64 | 0.3.8 | 10.00 | 86.00 | 96.00 | NOTE | |
| r-oldrel-macos-arm64 | 0.3.8 | 3.00 | 34.00 | 37.00 | NOTE | |
| r-oldrel-macos-x86_64 | 0.3.8 | 5.00 | 52.00 | 57.00 | NOTE | |
| r-oldrel-windows-x86_64 | 0.3.8 | 14.00 | 108.00 | 122.00 | NOTE |
Version: 0.3.8
Check: Rd files
Result: NOTE
checkRd: (-1) fs_search.Rd:76: Lost braces
76 | \\code{\link{fs_auth}} \code{\link{fs_browse}}
| ^
Flavors: r-devel-linux-x86_64-debian-clang, r-devel-linux-x86_64-debian-gcc, r-devel-linux-x86_64-fedora-clang, r-devel-linux-x86_64-fedora-gcc, r-devel-windows-x86_64, r-patched-linux-x86_64, r-release-linux-x86_64, r-release-macos-arm64, r-release-macos-x86_64, r-release-windows-x86_64, r-oldrel-macos-arm64, r-oldrel-macos-x86_64, r-oldrel-windows-x86_64
These binaries (installable software) and packages are in development.
They may not be fully stable and should be used with caution. We make no claims about them.