Last updated on 2025-05-28 21:50:20 CEST.
Flavor | Version | Tinstall | Tcheck | Ttotal | Status | Flags |
---|---|---|---|---|---|---|
r-devel-linux-x86_64-debian-clang | 0.3.8 | 7.04 | 65.52 | 72.56 | NOTE | |
r-devel-linux-x86_64-debian-gcc | 0.3.8 | 4.92 | 47.16 | 52.08 | NOTE | |
r-devel-linux-x86_64-fedora-clang | 0.3.8 | 111.05 | NOTE | |||
r-devel-linux-x86_64-fedora-gcc | 0.3.8 | 117.50 | NOTE | |||
r-devel-windows-x86_64 | 0.3.8 | 10.00 | 82.00 | 92.00 | NOTE | |
r-patched-linux-x86_64 | 0.3.8 | 6.97 | 60.84 | 67.81 | NOTE | |
r-release-linux-x86_64 | 0.3.8 | 5.99 | 59.97 | 65.96 | NOTE | |
r-release-macos-arm64 | 0.3.8 | 38.00 | NOTE | |||
r-release-macos-x86_64 | 0.3.8 | 71.00 | NOTE | |||
r-release-windows-x86_64 | 0.3.8 | 9.00 | 82.00 | 91.00 | NOTE | |
r-oldrel-macos-arm64 | 0.3.8 | 37.00 | NOTE | |||
r-oldrel-macos-x86_64 | 0.3.8 | 57.00 | NOTE | |||
r-oldrel-windows-x86_64 | 0.3.8 | 13.00 | 101.00 | 114.00 | NOTE |
Version: 0.3.8
Check: Rd files
Result: NOTE
checkRd: (-1) fs_search.Rd:76: Lost braces
76 | \\code{\link{fs_auth}} \code{\link{fs_browse}}
| ^
Flavors: r-devel-linux-x86_64-debian-clang, r-devel-linux-x86_64-debian-gcc, r-devel-linux-x86_64-fedora-clang, r-devel-linux-x86_64-fedora-gcc, r-devel-windows-x86_64, r-patched-linux-x86_64, r-release-linux-x86_64, r-release-macos-arm64, r-release-macos-x86_64, r-release-windows-x86_64, r-oldrel-macos-arm64, r-oldrel-macos-x86_64, r-oldrel-windows-x86_64
These binaries (installable software) and packages are in development.
They may not be fully stable and should be used with caution. We make no claims about them.