Last updated on 2025-07-02 01:51:48 CEST.
Flavor | Version | Tinstall | Tcheck | Ttotal | Status | Flags |
---|---|---|---|---|---|---|
r-devel-linux-x86_64-debian-clang | 0.3.8 | 6.27 | 66.17 | 72.44 | NOTE | |
r-devel-linux-x86_64-debian-gcc | 0.3.8 | 4.48 | 46.74 | 51.22 | NOTE | |
r-devel-linux-x86_64-fedora-clang | 0.3.8 | 110.29 | NOTE | |||
r-devel-linux-x86_64-fedora-gcc | 0.3.8 | 118.38 | NOTE | |||
r-devel-windows-x86_64 | 0.3.8 | 9.00 | 81.00 | 90.00 | NOTE | |
r-patched-linux-x86_64 | NOTE | |||||
r-release-linux-x86_64 | 0.3.8 | 6.02 | 60.81 | 66.83 | NOTE | |
r-release-macos-arm64 | 0.3.8 | 38.00 | NOTE | |||
r-release-macos-x86_64 | 0.3.8 | 71.00 | NOTE | |||
r-release-windows-x86_64 | 0.3.8 | 9.00 | 80.00 | 89.00 | NOTE | |
r-oldrel-macos-arm64 | 0.3.8 | 37.00 | NOTE | |||
r-oldrel-macos-x86_64 | 0.3.8 | 57.00 | NOTE | |||
r-oldrel-windows-x86_64 | 0.3.8 | 11.00 | 101.00 | 112.00 | NOTE |
Version: 0.3.8
Check: Rd files
Result: NOTE
checkRd: (-1) fs_search.Rd:76: Lost braces
76 | \\code{\link{fs_auth}} \code{\link{fs_browse}}
| ^
Flavors: r-devel-linux-x86_64-debian-clang, r-devel-linux-x86_64-debian-gcc, r-devel-linux-x86_64-fedora-clang, r-devel-linux-x86_64-fedora-gcc, r-devel-windows-x86_64, r-patched-linux-x86_64, r-release-linux-x86_64, r-release-macos-arm64, r-release-macos-x86_64, r-release-windows-x86_64, r-oldrel-macos-arm64, r-oldrel-macos-x86_64, r-oldrel-windows-x86_64
These binaries (installable software) and packages are in development.
They may not be fully stable and should be used with caution. We make no claims about them.