CRAN Package Check Results for Package rfishdraw

Last updated on 2025-02-16 08:50:59 CET.

Flavor Version Tinstall Tcheck Ttotal Status Flags
r-devel-linux-x86_64-debian-clang 0.1.0 4.26 55.18 59.44 NOTE
r-devel-linux-x86_64-debian-gcc 0.1.0 3.29 39.53 42.82 NOTE
r-devel-linux-x86_64-fedora-clang 0.1.0 96.93 OK
r-devel-linux-x86_64-fedora-gcc 0.1.0 102.68 OK
r-devel-macos-arm64 0.1.0 35.00 OK
r-devel-macos-x86_64 0.1.0 72.00 OK
r-devel-windows-x86_64 0.1.0 6.00 79.00 85.00 NOTE
r-patched-linux-x86_64 0.1.0 7.64 50.08 57.72 OK
r-release-linux-x86_64 0.1.0 4.12 52.05 56.17 OK
r-release-macos-arm64 0.1.0 34.00 OK
r-release-macos-x86_64 0.1.0 54.00 OK
r-release-windows-x86_64 0.1.0 7.00 79.00 86.00 OK
r-oldrel-macos-arm64 0.1.0 32.00 OK
r-oldrel-macos-x86_64 0.1.0 50.00 OK
r-oldrel-windows-x86_64 0.1.0 8.00 110.00 118.00 OK

Check Details

Version: 0.1.0
Check: Rd cross-references
Result: NOTE Found the following Rd file(s) with Rd \link{} targets missing package anchors: fish_draw.Rd: aes, geom_path Please provide package anchors for all Rd \link{} targets not in the package itself and the base packages. Flavors: r-devel-linux-x86_64-debian-clang, r-devel-linux-x86_64-debian-gcc, r-devel-windows-x86_64

These binaries (installable software) and packages are in development.
They may not be fully stable and should be used with caution. We make no claims about them.