Last updated on 2025-07-24 01:50:33 CEST.
Flavor | Version | Tinstall | Tcheck | Ttotal | Status | Flags |
---|---|---|---|---|---|---|
r-devel-linux-x86_64-debian-clang | 0.2 | 5.09 | 45.74 | 50.83 | NOTE | |
r-devel-linux-x86_64-debian-gcc | 0.2 | 3.72 | 33.18 | 36.90 | NOTE | |
r-devel-linux-x86_64-fedora-clang | 0.2 | 78.93 | OK | |||
r-devel-linux-x86_64-fedora-gcc | 0.2 | 69.88 | OK | |||
r-devel-windows-x86_64 | 0.2 | 7.00 | 58.00 | 65.00 | OK | |
r-patched-linux-x86_64 | 0.2 | 4.83 | 40.04 | 44.87 | OK | |
r-release-linux-x86_64 | 0.2 | 4.92 | 40.47 | 45.39 | OK | |
r-release-macos-arm64 | 0.2 | 24.00 | OK | |||
r-release-macos-x86_64 | 0.2 | 40.00 | OK | |||
r-release-windows-x86_64 | 0.2 | 9.00 | 61.00 | 70.00 | OK | |
r-oldrel-macos-arm64 | 0.2 | 24.00 | OK | |||
r-oldrel-macos-x86_64 | 0.2 | 34.00 | OK | |||
r-oldrel-windows-x86_64 | 0.2 | 8.00 | 71.00 | 79.00 | OK |
Version: 0.2
Check: CRAN incoming feasibility
Result: NOTE
Maintainer: ‘Karthik Ram <karthik.ram@gmail.com>’
The Description field contains
of the 'rOpenSci' suite (http://ropensci.org).
Please enclose URLs in angle brackets (<...>).
The BugReports field in DESCRIPTION has
http://www.github.com/ropensci/rfisheries/issues/new
which should likely be
http://www.github.com/ropensci/rfisheries/issues/new/issues
instead.
Flavors: r-devel-linux-x86_64-debian-clang, r-devel-linux-x86_64-debian-gcc
These binaries (installable software) and packages are in development.
They may not be fully stable and should be used with caution. We make no claims about them.