CRAN Package Check Results for Package rfishnet2

Last updated on 2025-02-16 08:50:59 CET.

Flavor Version Tinstall Tcheck Ttotal Status Flags
r-devel-linux-x86_64-debian-clang 0.2.0 4.18 56.48 60.66 NOTE
r-devel-linux-x86_64-debian-gcc 0.2.0 2.84 38.07 40.91 NOTE
r-devel-linux-x86_64-fedora-clang 0.2.0 94.00 NOTE
r-devel-linux-x86_64-fedora-gcc 0.2.0 88.26 NOTE
r-devel-macos-arm64 0.2.0 29.00 NOTE
r-devel-macos-x86_64 0.2.0 56.00 NOTE
r-devel-windows-x86_64 0.2.0 6.00 72.00 78.00 NOTE
r-patched-linux-x86_64 0.2.0 4.12 52.71 56.83 NOTE
r-release-linux-x86_64 0.2.0 4.43 53.02 57.45 NOTE
r-release-macos-arm64 0.2.0 28.00 NOTE
r-release-macos-x86_64 0.2.0 45.00 NOTE
r-release-windows-x86_64 0.2.0 6.00 69.00 75.00 NOTE
r-oldrel-macos-arm64 0.2.0 25.00 NOTE
r-oldrel-macos-x86_64 0.2.0 36.00 NOTE
r-oldrel-windows-x86_64 0.2.0 8.00 80.00 88.00 NOTE

Check Details

Version: 0.2.0
Check: package subdirectories
Result: NOTE Problems with news in ‘NEWS.md’: No news entries found. Flavors: r-devel-linux-x86_64-debian-clang, r-devel-linux-x86_64-debian-gcc, r-devel-linux-x86_64-fedora-clang, r-devel-linux-x86_64-fedora-gcc, r-devel-macos-arm64, r-devel-macos-x86_64, r-devel-windows-x86_64, r-patched-linux-x86_64, r-release-linux-x86_64, r-release-macos-arm64, r-release-macos-x86_64, r-release-windows-x86_64, r-oldrel-macos-arm64, r-oldrel-macos-x86_64, r-oldrel-windows-x86_64

Version: 0.2.0
Check: dependencies in R code
Result: NOTE Namespace in Imports field not imported from: ‘sf’ All declared Imports should be used. Flavors: r-devel-linux-x86_64-fedora-clang, r-devel-linux-x86_64-fedora-gcc

These binaries (installable software) and packages are in development.
They may not be fully stable and should be used with caution. We make no claims about them.