Last updated on 2025-11-11 15:50:45 CET.
| Flavor | Version | Tinstall | Tcheck | Ttotal | Status | Flags |
|---|---|---|---|---|---|---|
| r-devel-linux-x86_64-debian-clang | 1.2.2 | 21.39 | 279.52 | 300.91 | NOTE | |
| r-devel-linux-x86_64-debian-gcc | 1.2.2 | 14.93 | 180.48 | 195.41 | NOTE | |
| r-devel-linux-x86_64-fedora-clang | 1.2.2 | 51.00 | 415.23 | 466.23 | OK | |
| r-devel-linux-x86_64-fedora-gcc | 1.2.2 | 61.00 | 421.01 | 482.01 | OK | |
| r-devel-windows-x86_64 | 1.2.2 | 17.00 | 343.00 | 360.00 | OK | |
| r-patched-linux-x86_64 | 1.2.2 | 21.58 | 267.81 | 289.39 | OK | |
| r-release-linux-x86_64 | 1.2.2 | 23.41 | 264.07 | 287.48 | OK | |
| r-release-macos-arm64 | 1.2.2 | 9.00 | 125.00 | 134.00 | OK | |
| r-release-macos-x86_64 | 1.2.2 | 24.00 | 229.00 | 253.00 | OK | |
| r-release-windows-x86_64 | 1.2.2 | 20.00 | 244.00 | 264.00 | OK | |
| r-oldrel-macos-arm64 | 1.2.2 | 8.00 | 113.00 | 121.00 | OK | |
| r-oldrel-macos-x86_64 | 1.2.2 | 15.00 | 157.00 | 172.00 | OK | |
| r-oldrel-windows-x86_64 | 1.2.2 | 30.00 | 307.00 | 337.00 | OK |
Version: 1.2.2
Check: CRAN incoming feasibility
Result: NOTE
Maintainer: ‘Dimitri Justeau-Allaire <dimitri.justeau@gmail.com>’
No Authors@R field in DESCRIPTION.
Please add one, modifying
Authors@R: c(person(given = "Dimitri",
family = "Justeau-Allaire",
role = c("aut", "cre"),
email = "dimitri.justeau@gmail.com"),
person(given = "Grégoire",
family = "Blanchard",
role = "aut"),
person(given = "Thomas",
family = "Ibanez",
role = "aut"),
person(given = "Xavier",
family = "Lorca",
role = "aut"),
person(given = "Ghislain",
family = "Vieilledent",
role = "aut"),
person(given = "Philippe",
family = "Birnbaum",
role = "aut"))
as necessary.
Flavors: r-devel-linux-x86_64-debian-clang, r-devel-linux-x86_64-debian-gcc
These binaries (installable software) and packages are in development.
They may not be fully stable and should be used with caution. We make no claims about them.