Last updated on 2025-10-09 21:50:28 CEST.
Flavor | Version | Tinstall | Tcheck | Ttotal | Status | Flags |
---|---|---|---|---|---|---|
r-devel-linux-x86_64-debian-clang | 1.2.2 | 24.43 | 280.47 | 304.90 | NOTE | |
r-devel-linux-x86_64-debian-gcc | 1.2.2 | 12.07 | 180.49 | 192.56 | NOTE | |
r-devel-linux-x86_64-fedora-clang | 1.2.2 | 474.64 | OK | |||
r-devel-linux-x86_64-fedora-gcc | 1.2.2 | 468.52 | OK | |||
r-devel-windows-x86_64 | 1.2.2 | 19.00 | 245.00 | 264.00 | OK | |
r-patched-linux-x86_64 | 1.2.2 | 20.11 | 266.96 | 287.07 | OK | |
r-release-linux-x86_64 | 1.2.2 | 20.85 | 263.01 | 283.86 | OK | |
r-release-macos-arm64 | 1.2.2 | 134.00 | OK | |||
r-release-macos-x86_64 | 1.2.2 | 253.00 | OK | |||
r-release-windows-x86_64 | 1.2.2 | 21.00 | 240.00 | 261.00 | OK | |
r-oldrel-macos-arm64 | 1.2.2 | 121.00 | OK | |||
r-oldrel-macos-x86_64 | 1.2.2 | 172.00 | OK | |||
r-oldrel-windows-x86_64 | 1.2.2 | 22.00 | 314.00 | 336.00 | OK |
Version: 1.2.2
Check: CRAN incoming feasibility
Result: NOTE
Maintainer: ‘Dimitri Justeau-Allaire <dimitri.justeau@gmail.com>’
No Authors@R field in DESCRIPTION.
Please add one, modifying
Authors@R: c(person(given = "Dimitri",
family = "Justeau-Allaire",
role = c("aut", "cre"),
email = "dimitri.justeau@gmail.com"),
person(given = "Grégoire",
family = "Blanchard",
role = "aut"),
person(given = "Thomas",
family = "Ibanez",
role = "aut"),
person(given = "Xavier",
family = "Lorca",
role = "aut"),
person(given = "Ghislain",
family = "Vieilledent",
role = "aut"),
person(given = "Philippe",
family = "Birnbaum",
role = "aut"))
as necessary.
Flavors: r-devel-linux-x86_64-debian-clang, r-devel-linux-x86_64-debian-gcc
These binaries (installable software) and packages are in development.
They may not be fully stable and should be used with caution. We make no claims about them.