CRAN Package Check Results for Package rfoaas

Last updated on 2025-10-23 21:51:39 CEST.

Flavor Version Tinstall Tcheck Ttotal Status Flags
r-devel-linux-x86_64-debian-clang 2.3.2 1.91 21.76 23.67 NOTE
r-devel-linux-x86_64-debian-gcc 2.3.2 1.63 18.59 20.22 NOTE
r-devel-linux-x86_64-fedora-clang 2.3.2 33.22 OK
r-devel-linux-x86_64-fedora-gcc 2.3.2 32.53 OK
r-devel-windows-x86_64 2.3.2 3.00 40.00 43.00 OK
r-patched-linux-x86_64 2.3.2 1.97 19.69 21.66 OK
r-release-linux-x86_64 2.3.2 1.94 19.66 21.60 OK
r-release-macos-arm64 2.3.2 2.00 17.00 19.00 OK
r-release-macos-x86_64 2.3.2 2.00 22.00 24.00 OK
r-release-windows-x86_64 2.3.2 4.00 41.00 45.00 OK
r-oldrel-macos-arm64 2.3.2 1.00 15.00 16.00 OK
r-oldrel-macos-x86_64 2.3.2 2.00 19.00 21.00 OK
r-oldrel-windows-x86_64 2.3.2 4.00 43.00 47.00 OK

Check Details

Version: 2.3.2
Check: CRAN incoming feasibility
Result: NOTE Maintainer: ‘Dirk Eddelbuettel <edd@debian.org>’ No Authors@R field in DESCRIPTION. Please add one, modifying Authors@R: person(given = "Dirk", family = "Eddelbuettel", role = c("aut", "cre"), email = "edd@debian.org") as necessary. Flavors: r-devel-linux-x86_64-debian-clang, r-devel-linux-x86_64-debian-gcc

These binaries (installable software) and packages are in development.
They may not be fully stable and should be used with caution. We make no claims about them.