Last updated on 2025-05-08 04:52:16 CEST.
Flavor | Version | Tinstall | Tcheck | Ttotal | Status | Flags |
---|---|---|---|---|---|---|
r-devel-linux-x86_64-debian-clang | 0.1 | 3.59 | 38.41 | 42.00 | NOTE | |
r-devel-linux-x86_64-debian-gcc | 0.1 | 2.77 | 29.29 | 32.06 | NOTE | |
r-devel-linux-x86_64-fedora-clang | 0.1 | 67.83 | OK | |||
r-devel-linux-x86_64-fedora-gcc | 0.1 | 77.15 | OK | |||
r-devel-windows-x86_64 | 0.1 | 5.00 | 64.00 | 69.00 | OK | |
r-patched-linux-x86_64 | 0.1 | 3.71 | 36.30 | 40.01 | OK | |
r-release-linux-x86_64 | 0.1 | 3.40 | 37.26 | 40.66 | OK | |
r-release-macos-arm64 | 0.1 | 37.00 | OK | |||
r-release-macos-x86_64 | 0.1 | 52.00 | OK | |||
r-release-windows-x86_64 | 0.1 | 4.00 | 62.00 | 66.00 | OK | |
r-oldrel-macos-arm64 | 0.1 | 31.00 | OK | |||
r-oldrel-macos-x86_64 | 0.1 | 45.00 | OK | |||
r-oldrel-windows-x86_64 | 0.1 | 6.00 | 67.00 | 73.00 | OK |
Version: 0.1
Check: CRAN incoming feasibility
Result: NOTE
Maintainer: ‘Yichuan Bai <ycbai@iastate.edu>’
The Description field contains
<arXiv:2307.12325>.
Please refer to arXiv e-prints via their arXiv DOI <doi:10.48550/arXiv.YYMM.NNNNN>.
Flavors: r-devel-linux-x86_64-debian-clang, r-devel-linux-x86_64-debian-gcc
These binaries (installable software) and packages are in development.
They may not be fully stable and should be used with caution. We make no claims about them.