CRAN Package Check Results for Package rgdax

Last updated on 2025-05-08 04:52:16 CEST.

Flavor Version Tinstall Tcheck Ttotal Status Flags
r-devel-linux-x86_64-debian-clang 1.2.1 3.17 33.04 36.21 NOTE
r-devel-linux-x86_64-debian-gcc 1.2.1 2.78 25.58 28.36 NOTE
r-devel-linux-x86_64-fedora-clang 1.2.1 57.31 NOTE
r-devel-linux-x86_64-fedora-gcc 1.2.1 53.02 NOTE
r-devel-windows-x86_64 1.2.1 5.00 55.00 60.00 NOTE
r-patched-linux-x86_64 1.2.1 3.53 31.48 35.01 NOTE
r-release-linux-x86_64 1.2.1 3.05 31.57 34.62 NOTE
r-release-macos-arm64 1.2.1 24.00 NOTE
r-release-macos-x86_64 1.2.1 46.00 NOTE
r-release-windows-x86_64 1.2.1 6.00 56.00 62.00 NOTE
r-oldrel-macos-arm64 1.2.1 21.00 NOTE
r-oldrel-macos-x86_64 1.2.1 29.00 NOTE
r-oldrel-windows-x86_64 1.2.1 5.00 60.00 65.00 NOTE

Check Details

Version: 1.2.1
Check: package subdirectories
Result: NOTE Problems with news in ‘NEWS.md’: No news entries found. Flavors: r-devel-linux-x86_64-debian-clang, r-devel-linux-x86_64-debian-gcc, r-devel-linux-x86_64-fedora-clang, r-devel-linux-x86_64-fedora-gcc, r-devel-windows-x86_64, r-patched-linux-x86_64, r-release-linux-x86_64, r-release-macos-arm64, r-release-macos-x86_64, r-release-windows-x86_64, r-oldrel-macos-arm64, r-oldrel-macos-x86_64, r-oldrel-windows-x86_64

These binaries (installable software) and packages are in development.
They may not be fully stable and should be used with caution. We make no claims about them.