CRAN Package Check Results for Package rgenius

Last updated on 2025-05-29 17:59:08 CEST.

Flavor Version Tinstall Tcheck Ttotal Status Flags
r-devel-linux-x86_64-debian-clang 0.1.0 3.69 41.87 45.56 NOTE
r-devel-linux-x86_64-debian-gcc 0.1.0 2.66 31.37 34.03 NOTE
r-devel-linux-x86_64-fedora-clang 0.1.0 68.17 OK
r-devel-linux-x86_64-fedora-gcc 0.1.0 64.52 OK
r-devel-windows-x86_64 0.1.0 8.00 59.00 67.00 OK
r-patched-linux-x86_64 0.1.0 3.32 37.45 40.77 OK
r-release-linux-x86_64 0.1.0 3.52 37.36 40.88 OK
r-release-macos-arm64 0.1.0 23.00 OK
r-release-macos-x86_64 0.1.0 41.00 OK
r-release-windows-x86_64 0.1.0 8.00 58.00 66.00 OK
r-oldrel-macos-arm64 0.1.0 23.00 NOTE
r-oldrel-macos-x86_64 0.1.0 35.00 NOTE
r-oldrel-windows-x86_64 0.1.0 8.00 65.00 73.00 NOTE

Check Details

Version: 0.1.0
Check: CRAN incoming feasibility
Result: NOTE Maintainer: ‘Alberto Almuiña <albertogonzalezalmuinha@gmail.com>’ No Authors@R field in DESCRIPTION. Please add one, modifying Authors@R: person(given = "Alberto", family = "Almuiña", role = c("aut", "cre"), email = "albertogonzalezalmuinha@gmail.com") as necessary. Flavors: r-devel-linux-x86_64-debian-clang, r-devel-linux-x86_64-debian-gcc

Version: 0.1.0
Check: LazyData
Result: NOTE 'LazyData' is specified without a 'data' directory Flavors: r-oldrel-macos-arm64, r-oldrel-macos-x86_64, r-oldrel-windows-x86_64

These binaries (installable software) and packages are in development.
They may not be fully stable and should be used with caution. We make no claims about them.