Last updated on 2025-04-16 15:52:56 CEST.
Flavor | Version | Tinstall | Tcheck | Ttotal | Status | Flags |
---|---|---|---|---|---|---|
r-devel-linux-x86_64-debian-clang | 0.1.0 | 236.87 | 40.96 | 277.83 | OK | |
r-devel-linux-x86_64-debian-gcc | 0.1.0 | 169.88 | 37.98 | 207.86 | OK | |
r-devel-linux-x86_64-fedora-clang | 0.1.0 | 547.86 | OK | |||
r-devel-linux-x86_64-fedora-gcc | 0.1.0 | 544.49 | OK | |||
r-devel-windows-x86_64 | 0.1.0 | 315.00 | 113.00 | 428.00 | OK | |
r-patched-linux-x86_64 | 0.1.0 | 245.45 | 48.56 | 294.01 | OK | |
r-release-linux-x86_64 | 0.1.0 | 240.99 | 48.56 | 289.55 | OK | |
r-release-macos-arm64 | 0.1.0 | 118.00 | OK | |||
r-release-macos-x86_64 | 0.1.0 | 113.00 | OK | |||
r-release-windows-x86_64 | 0.1.0 | 315.00 | 118.00 | 433.00 | OK | |
r-oldrel-macos-arm64 | 0.1.0 | 106.00 | NOTE | |||
r-oldrel-macos-x86_64 | 0.1.0 | 119.00 | NOTE | |||
r-oldrel-windows-x86_64 | 0.1.0 | 353.00 | 138.00 | 491.00 | OK |
Version: 0.1.0
Check: installed package size
Result: NOTE
installed size is 28.6Mb
sub-directories of 1Mb or more:
libs 27.4Mb
Flavors: r-oldrel-macos-arm64, r-oldrel-macos-x86_64
These binaries (installable software) and packages are in development.
They may not be fully stable and should be used with caution. We make no claims about them.