CRAN Package Check Results for Package rglplus

Last updated on 2025-05-07 22:48:38 CEST.

Flavor Version Tinstall Tcheck Ttotal Status Flags
r-devel-linux-x86_64-debian-clang 1.3 3.68 33.17 36.85 NOTE
r-devel-linux-x86_64-debian-gcc 1.3 2.72 26.20 28.92 NOTE
r-devel-linux-x86_64-fedora-clang 1.3 62.12 OK
r-devel-linux-x86_64-fedora-gcc 1.3 57.23 OK
r-devel-windows-x86_64 1.3 5.00 53.00 58.00 OK
r-patched-linux-x86_64 1.3 3.16 31.62 34.78 OK
r-release-linux-x86_64 1.3 3.65 32.49 36.14 OK
r-release-macos-arm64 1.3 20.00 OK
r-release-macos-x86_64 1.3 33.00 OK
r-release-windows-x86_64 1.3 8.00 55.00 63.00 OK
r-oldrel-macos-arm64 1.3 19.00 OK
r-oldrel-macos-x86_64 1.3 27.00 OK
r-oldrel-windows-x86_64 1.3 7.00 60.00 67.00 OK

Check Details

Version: 1.3
Check: CRAN incoming feasibility
Result: NOTE Maintainer: ‘Danail Obreschkow <danail.obreschkow@gmail.com>’ No Authors@R field in DESCRIPTION. Please add one, modifying Authors@R: person(given = "Danail", family = "Obreschkow", role = c("aut", "cre"), email = "danail.obreschkow@gmail.com") as necessary. Flavors: r-devel-linux-x86_64-debian-clang, r-devel-linux-x86_64-debian-gcc

These binaries (installable software) and packages are in development.
They may not be fully stable and should be used with caution. We make no claims about them.