Last updated on 2025-10-24 01:50:38 CEST.
| Flavor | Version | Tinstall | Tcheck | Ttotal | Status | Flags |
|---|---|---|---|---|---|---|
| r-devel-linux-x86_64-debian-clang | 1.0.4 | 18.30 | 64.41 | 82.71 | NOTE | |
| r-devel-linux-x86_64-debian-gcc | 1.0.4 | 11.65 | 47.68 | 59.33 | NOTE | |
| r-devel-linux-x86_64-fedora-clang | 1.0.4 | 37.00 | 93.93 | 130.93 | OK | |
| r-devel-linux-x86_64-fedora-gcc | 1.0.4 | 84.00 | 61.07 | 145.07 | OK | |
| r-devel-windows-x86_64 | 1.0.4 | 22.00 | 88.00 | 110.00 | OK | |
| r-patched-linux-x86_64 | 1.0.4 | 16.18 | 58.93 | 75.11 | OK | |
| r-release-linux-x86_64 | 1.0.4 | 16.32 | 58.88 | 75.20 | OK | |
| r-release-macos-arm64 | 1.0.4 | 7.00 | 30.00 | 37.00 | OK | |
| r-release-macos-x86_64 | 1.0.4 | 10.00 | 61.00 | 71.00 | OK | |
| r-release-windows-x86_64 | 1.0.4 | 26.00 | 88.00 | 114.00 | OK | |
| r-oldrel-macos-arm64 | 1.0.4 | 7.00 | 31.00 | 38.00 | OK | |
| r-oldrel-macos-x86_64 | 1.0.4 | 10.00 | 56.00 | 66.00 | OK | |
| r-oldrel-windows-x86_64 | 1.0.4 | 28.00 | 110.00 | 138.00 | OK |
Version: 1.0.4
Check: CRAN incoming feasibility
Result: NOTE
Maintainer: ‘Francisco Richter <richtf@usi.ch>’
The Description field contains
Environments." <arXiv:2304.01956>.
Please refer to arXiv e-prints via their arXiv DOI <doi:10.48550/arXiv.YYMM.NNNNN>.
Flavors: r-devel-linux-x86_64-debian-clang, r-devel-linux-x86_64-debian-gcc
These binaries (installable software) and packages are in development.
They may not be fully stable and should be used with caution. We make no claims about them.