Last updated on 2025-10-24 05:50:54 CEST.
| Flavor | Version | Tinstall | Tcheck | Ttotal | Status | Flags |
|---|---|---|---|---|---|---|
| r-devel-linux-x86_64-debian-clang | 2.0-5 | 11.96 | 50.04 | 62.00 | NOTE | |
| r-devel-linux-x86_64-debian-gcc | 2.0-5 | 7.53 | 37.36 | 44.89 | NOTE | |
| r-devel-linux-x86_64-fedora-clang | 2.0-5 | 24.00 | 71.88 | 95.88 | OK | |
| r-devel-linux-x86_64-fedora-gcc | 2.0-5 | 40.00 | 69.89 | 109.89 | OK | |
| r-devel-windows-x86_64 | 2.0-5 | 16.00 | 84.00 | 100.00 | OK | |
| r-patched-linux-x86_64 | 2.0-5 | 11.63 | 45.47 | 57.10 | OK | |
| r-release-linux-x86_64 | 2.0-5 | 10.77 | 45.69 | 56.46 | OK | |
| r-release-macos-arm64 | 2.0-5 | 7.00 | 41.00 | 48.00 | OK | |
| r-release-macos-x86_64 | 2.0-5 | 9.00 | 53.00 | 62.00 | OK | |
| r-release-windows-x86_64 | 2.0-5 | 17.00 | 87.00 | 104.00 | OK | |
| r-oldrel-macos-arm64 | 2.0-5 | 7.00 | 41.00 | 48.00 | OK | |
| r-oldrel-macos-x86_64 | 2.0-5 | 12.00 | 69.00 | 81.00 | OK | |
| r-oldrel-windows-x86_64 | 2.0-5 | 17.00 | 107.00 | 124.00 | OK |
Version: 2.0-5
Check: DESCRIPTION meta-information
Result: NOTE
Author field differs from that derived from Authors@R
Author: ‘Michal Bojanowski [aut, cre] (<https://orcid.org/0000-0001-7503-852X>, Kozminski University), David Schoch [aut] (<https://orcid.org/0000-0003-2952-4812>)’
Authors@R: ‘Michal Bojanowski [aut, cre] (ORCID: <https://orcid.org/0000-0001-7503-852X>, affil: Kozminski University), David Schoch [aut] (ORCID: <https://orcid.org/0000-0003-2952-4812>)’
Flavors: r-devel-linux-x86_64-debian-clang, r-devel-linux-x86_64-debian-gcc
These binaries (installable software) and packages are in development.
They may not be fully stable and should be used with caution. We make no claims about them.