CRAN Package Check Results for Package rgw

Last updated on 2025-11-11 15:50:45 CET.

Flavor Version Tinstall Tcheck Ttotal Status Flags
r-devel-linux-x86_64-debian-clang 0.3.0 1.61 19.38 20.99 NOTE
r-devel-linux-x86_64-debian-gcc 0.3.0 1.45 16.17 17.62 NOTE
r-devel-linux-x86_64-fedora-clang 0.3.0 31.62 OK
r-devel-linux-x86_64-fedora-gcc 0.3.0 29.98 OK
r-devel-windows-x86_64 0.3.0 3.00 37.00 40.00 OK
r-patched-linux-x86_64 0.3.0 1.85 18.27 20.12 OK
r-release-linux-x86_64 0.3.0 1.74 18.64 20.38 OK
r-release-macos-arm64 0.3.0 1.00 13.00 14.00 OK
r-release-macos-x86_64 0.3.0 2.00 21.00 23.00 OK
r-release-windows-x86_64 0.3.0 3.00 38.00 41.00 OK
r-oldrel-macos-arm64 0.3.0 1.00 13.00 14.00 OK
r-oldrel-macos-x86_64 0.3.0 1.00 20.00 21.00 OK
r-oldrel-windows-x86_64 0.3.0 2.00 38.00 40.00 OK

Check Details

Version: 0.3.0
Check: CRAN incoming feasibility
Result: NOTE Maintainer: ‘Adam Mantz <amantz@slac.stanford.edu>’ No Authors@R field in DESCRIPTION. Please add one, modifying Authors@R: person(given = "Adam", family = "Mantz", role = c("aut", "cre"), email = "amantz@slac.stanford.edu") as necessary. Flavors: r-devel-linux-x86_64-debian-clang, r-devel-linux-x86_64-debian-gcc

These binaries (installable software) and packages are in development.
They may not be fully stable and should be used with caution. We make no claims about them.